CRAN Package Check Results for Package mdsdt

Last updated on 2018-12-17 15:49:30 CET.

Flavor Version Tinstall Tcheck Ttotal Status Flags
r-devel-linux-x86_64-debian-clang 1.2 4.04 2.48 6.52 ERROR
r-devel-linux-x86_64-debian-gcc 1.2 1.82 1.40 3.22 ERROR
r-devel-linux-x86_64-fedora-clang 1.2 34.72 OK
r-devel-linux-x86_64-fedora-gcc 1.2 32.43 OK
r-devel-windows-ix86+x86_64 1.2 8.00 36.00 44.00 OK
r-patched-linux-x86_64 1.2 3.57 2.56 6.13 ERROR
r-patched-solaris-x86 1.2 45.50 OK
r-release-linux-x86_64 1.2 3.61 24.60 28.21 OK
r-release-windows-ix86+x86_64 1.2 6.00 36.00 42.00 OK
r-release-osx-x86_64 1.2 OK
r-oldrel-windows-ix86+x86_64 1.2 5.00 50.00 55.00 OK
r-oldrel-osx-x86_64 1.2 OK

Check Details

Version: 1.2
Check: whether the package can be loaded
Result: ERROR
    Loading this package had a fatal error status code 1
    Loading log:
    Loading required package: ellipse
    
    Attaching package: ‘ellipse’
    
    The following object is masked from ‘package:graphics’:
    
     pairs
    
    Loading required package: mnormt
    Error: package or namespace load failed for ‘mnormt’:
     .onLoad failed in loadNamespace() for ‘mnormt’, details:
     call: dyn.load(file, DLLpath = DLLpath, ...)
     error: unable to load shared object ‘/home/hornik/tmp/R.check/r-devel-clang/Work/build/Packages/mnormt/libs/mnormt.so’:
     /home/hornik/tmp/R.check/r-devel-clang/Work/build/Packages/mnormt/libs/mnormt.so: failed to map segment from shared object
    Error: package ‘mnormt’ could not be loaded
    Execution halted
Flavor: r-devel-linux-x86_64-debian-clang

Version: 1.2
Check: whether the package can be loaded
Result: ERROR
    Loading this package had a fatal error status code 1
    Loading log:
    Loading required package: ellipse
    
    Attaching package: ‘ellipse’
    
    The following object is masked from ‘package:graphics’:
    
     pairs
    
    Loading required package: mnormt
    Error: package or namespace load failed for ‘mnormt’:
     .onLoad failed in loadNamespace() for ‘mnormt’, details:
     call: dyn.load(file, DLLpath = DLLpath, ...)
     error: unable to load shared object ‘/home/hornik/tmp/R.check/r-devel-gcc/Work/build/Packages/mnormt/libs/mnormt.so’:
     /home/hornik/tmp/R.check/r-devel-gcc/Work/build/Packages/mnormt/libs/mnormt.so: failed to map segment from shared object
    Error: package ‘mnormt’ could not be loaded
    Execution halted
Flavor: r-devel-linux-x86_64-debian-gcc

Version: 1.2
Check: whether the package can be loaded
Result: ERROR
    Loading this package had a fatal error status code 1
    Loading log:
    Loading required package: ellipse
    
    Attaching package: ‘ellipse’
    
    The following object is masked from ‘package:graphics’:
    
     pairs
    
    Loading required package: mnormt
    Error: package or namespace load failed for ‘mnormt’:
     .onLoad failed in loadNamespace() for ‘mnormt’, details:
     call: dyn.load(file, DLLpath = DLLpath, ...)
     error: unable to load shared object ‘/home/hornik/tmp/R.check/r-patched-gcc/Work/build/Packages/mnormt/libs/mnormt.so’:
     /home/hornik/tmp/R.check/r-patched-gcc/Work/build/Packages/mnormt/libs/mnormt.so: failed to map segment from shared object
    Error: package ‘mnormt’ could not be loaded
    Execution halted
Flavor: r-patched-linux-x86_64