Last updated on 2022-08-10 17:50:09 CEST.
Flavor | Version | Tinstall | Tcheck | Ttotal | Status | Flags |
---|---|---|---|---|---|---|
r-devel-linux-x86_64-debian-clang | 2020.6-17 | 9.17 | 73.78 | 82.95 | NOTE | |
r-devel-linux-x86_64-debian-gcc | 2020.6-17 | 6.40 | 57.05 | 63.45 | NOTE | |
r-devel-linux-x86_64-fedora-clang | 2020.6-17 | 110.28 | NOTE | |||
r-devel-linux-x86_64-fedora-gcc | 2020.6-17 | 107.84 | NOTE | |||
r-devel-windows-x86_64 | 2020.6-17 | 15.00 | 94.00 | 109.00 | NOTE | |
r-patched-linux-x86_64 | 2020.6-17 | 7.86 | 71.27 | 79.13 | NOTE | |
r-release-linux-x86_64 | 2020.6-17 | NOTE | ||||
r-release-macos-arm64 | 2020.6-17 | 32.00 | NOTE | |||
r-release-macos-x86_64 | 2020.6-17 | 46.00 | NOTE | |||
r-release-windows-x86_64 | 2020.6-17 | 16.00 | 98.00 | 114.00 | NOTE | |
r-oldrel-macos-arm64 | 2020.6-17 | 38.00 | NOTE | |||
r-oldrel-macos-x86_64 | 2020.6-17 | 65.00 | NOTE | |||
r-oldrel-windows-ix86+x86_64 | 2020.6-17 | 17.00 | 94.00 | 111.00 | NOTE |
Version: 2020.6-17
Check: LazyData
Result: NOTE
'LazyData' is specified without a 'data' directory
Flavors: r-devel-linux-x86_64-debian-clang, r-devel-linux-x86_64-debian-gcc, r-devel-linux-x86_64-fedora-clang, r-devel-linux-x86_64-fedora-gcc, r-devel-windows-x86_64, r-patched-linux-x86_64, r-release-linux-x86_64, r-release-macos-arm64, r-release-macos-x86_64, r-release-windows-x86_64, r-oldrel-macos-arm64, r-oldrel-macos-x86_64, r-oldrel-windows-ix86+x86_64