CRAN Package Check Results for Package medExtractR

Last updated on 2024-02-26 16:56:29 CET.

Flavor Version Tinstall Tcheck Ttotal Status Flags
r-devel-linux-x86_64-debian-clang 0.4.1 4.95 223.89 228.84 NOTE
r-devel-linux-x86_64-debian-gcc 0.4.1 6.40 173.81 180.21 NOTE
r-devel-linux-x86_64-fedora-clang 0.4.1 276.61 OK
r-devel-linux-x86_64-fedora-gcc 0.4.1 280.97 OK
r-devel-windows-x86_64 0.4.1 7.00 246.00 253.00 OK
r-patched-linux-x86_64 0.4.1 8.78 216.22 225.00 OK
r-release-linux-x86_64 0.4.1 8.43 221.37 229.80 OK
r-release-macos-arm64 0.4.1 129.00 OK
r-release-macos-x86_64 0.4.1 221.00 OK
r-release-windows-x86_64 0.4.1 9.00 277.00 286.00 OK
r-oldrel-macos-arm64 0.4.1 99.00 OK
r-oldrel-windows-x86_64 0.4.1 9.00 275.00 284.00 OK

Check Details

Version: 0.4.1
Check: Rd files
Result: NOTE checkRd: (-1) strings-internal.Rd:14: Lost braces 14 | code{stringPlaceExact}: find location of string, using exact match | ^ checkRd: (-1) strings-internal.Rd:17: Lost braces 17 | code{stringPlaceFuzzy}: find location of string, using partial match | ^ checkRd: (-1) strings-internal.Rd:19: Lost braces 19 | code{stringPlace}: find location of string, generic | ^ checkRd: (-1) strings-internal.Rd:21: Lost braces 21 | code{checkFuzzy}: check for "close" string matches | ^ Flavors: r-devel-linux-x86_64-debian-clang, r-devel-linux-x86_64-debian-gcc