CRAN Package Check Results for Package medflex

Last updated on 2018-02-23 12:47:23 CET.

Flavor Version Tinstall Tcheck Ttotal Status Flags
r-devel-linux-x86_64-debian-clang 0.6-4 5.20 95.16 100.36 OK
r-devel-linux-x86_64-debian-gcc 0.6-4 6.18 75.41 81.59 OK
r-devel-linux-x86_64-fedora-clang 0.6-4 130.72 OK
r-devel-linux-x86_64-fedora-gcc 0.6-4 129.53 OK
r-devel-windows-ix86+x86_64 0.6-4 16.00 144.00 160.00 OK
r-patched-linux-x86_64 0.6-4 8.29 104.53 112.82 OK
r-patched-solaris-x86 0.6-4 190.10 OK
r-release-linux-x86_64 0.6-4 8.11 102.93 111.04 OK
r-release-windows-ix86+x86_64 0.6-4 17.00 166.00 183.00 OK
r-release-osx-x86_64 0.6-4 NOTE
r-oldrel-windows-ix86+x86_64 0.6-4 11.00 110.00 121.00 OK
r-oldrel-osx-x86_64 0.6-4 OK

Check Details

Version: 0.6-4
Check: re-building of vignette outputs
Result: NOTE
    Error in re-building vignettes:
     ...
    
    Effect decomposition on the scale of the linear predictor
    conditional on: gender, educ, age
    with x* = 0, x = 1
    
    Effect decomposition on exp(scale of the linear predictor)
    conditional on: gender, educ, age
    with x* = 0, x = 1
    
    Error in texi2dvi(file = file, pdf = TRUE, clean = clean, quiet = quiet, :
     Running 'texi2dvi' on 'medflex.tex' failed.
    LaTeX errors:
    ! LaTeX Error: File `nccmath.sty' not found.
    
    Type X to quit or <RETURN> to proceed,
    or enter new name. (Default extension: sty)
    
    ! Emergency stop.
    <read *>
    
    l.12 ^^M
    
    ! ==> Fatal error occurred, no output PDF file produced!
    Calls: buildVignettes -> texi2pdf -> texi2dvi
    Execution halted
Flavor: r-release-osx-x86_64