CRAN Package Check Results for Package medflex

Last updated on 2018-05-22 15:48:43 CEST.

Flavor Version Tinstall Tcheck Ttotal Status Flags
r-devel-linux-x86_64-debian-clang 0.6-4 6.57 105.38 111.95 OK
r-devel-linux-x86_64-debian-gcc 0.6-4 6.03 83.01 89.04 OK
r-devel-linux-x86_64-fedora-clang 0.6-4 141.81 OK
r-devel-linux-x86_64-fedora-gcc 0.6-4 137.39 OK
r-devel-windows-ix86+x86_64 0.6-4 13.00 162.00 175.00 OK
r-patched-linux-x86_64 0.6-4 5.32 93.94 99.26 OK
r-patched-solaris-x86 0.6-4 178.00 OK
r-release-linux-x86_64 0.6-4 5.33 92.58 97.91 OK
r-release-windows-ix86+x86_64 0.6-4 13.00 147.00 160.00 OK
r-release-osx-x86_64 0.6-4 OK
r-oldrel-windows-ix86+x86_64 0.6-4 20.00 115.00 135.00 OK
r-oldrel-osx-x86_64 0.6-4 NOTE

Check Details

Version: 0.6-4
Check: re-building of vignette outputs
Result: NOTE
    Error in re-building vignettes:
     ...
    
    Effect decomposition on the scale of the linear predictor
    conditional on: gender, educ, age
    with x* = 0, x = 1
    
    Effect decomposition on exp(scale of the linear predictor)
    conditional on: gender, educ, age
    with x* = 0, x = 1
    
    Error in texi2dvi(file = file, pdf = TRUE, clean = clean, quiet = quiet, :
     Running 'texi2dvi' on 'medflex.tex' failed.
    LaTeX errors:
    ! LaTeX Error: File `nccmath.sty' not found.
    
    Type X to quit or <RETURN> to proceed,
    or enter new name. (Default extension: sty)
    
    ! Emergency stop.
    <read *>
    
    l.12 ^^M
    
    ! ==> Fatal error occurred, no output PDF file produced!
    Calls: buildVignettes -> texi2pdf -> texi2dvi
    Execution halted
Flavor: r-oldrel-osx-x86_64