CRAN Package Check Results for Package mediation

Last updated on 2018-07-15 19:51:47 CEST.

Flavor Version Tinstall Tcheck Ttotal Status Flags
r-devel-linux-x86_64-debian-clang 4.4.6 16.86 153.97 170.83 OK --no-vignettes
r-devel-linux-x86_64-debian-gcc 4.4.6 13.37 116.69 130.06 OK --no-vignettes
r-devel-linux-x86_64-fedora-clang 4.4.6 350.28 OK
r-devel-linux-x86_64-fedora-gcc 4.4.6 344.75 OK
r-devel-windows-ix86+x86_64 4.4.6 41.00 435.00 476.00 OK
r-patched-linux-x86_64 4.4.6 15.64 133.21 148.85 OK --no-vignettes
r-patched-solaris-x86 4.4.6 500.00 OK
r-release-linux-x86_64 4.4.6 16.37 133.05 149.42 OK --no-vignettes
r-release-windows-ix86+x86_64 4.4.6 24.00 348.00 372.00 WARN
r-release-osx-x86_64 4.4.6 OK
r-oldrel-windows-ix86+x86_64 4.4.6 14.00 455.00 469.00 WARN
r-oldrel-osx-x86_64 4.4.6 NOTE

Check Details

Version: 4.4.6
Check: whether package can be installed
Result: WARN
    Found the following significant warnings:
     Warning: S3 methods '[.fun_list', '[.grouped_df', 'all.equal.tbl_df', 'anti_join.data.frame', 'anti_join.tbl_df', 'arrange.data.frame', 'arrange.default', 'arrange.grouped_df', 'arrange.tbl_df', 'arrange_.data.frame', 'arrange_.tbl_df', 'as.data.frame.grouped_df', 'as.data.frame.rowwise_df', 'as.data.frame.tbl_cube', 'as.data.frame.tbl_df', 'as.table.tbl_cube', 'as.tbl.data.frame', 'as.tbl.tbl', 'as.tbl_cube.array', 'as.tbl_cube.data.frame', 'as.tbl_cube.matrix', 'as.tbl_cube.table', 'as_data_frame.grouped_df', 'as_data_frame.tbl_cube', 'auto_copy.tbl_cube', 'auto_copy.tbl_df', 'cbind.grouped_df', 'collapse.data.frame', 'collect.data.frame', 'common_by.NULL', 'common_by.character', 'common_by.default', 'common_by.list', 'compute.data.frame', 'copy_to.DBIConnection', 'copy_to.src_local', 'default_missing.data.frame', 'default_missing.default', 'dim.tbl_cube', 'distinct.data.frame', 'distinct.default', 'distinct.grouped_df', 'distinct.tbl_df', 'distinct_.data.frame', 'distinct_.grouped_df', 'dist [... truncated]
Flavors: r-release-windows-ix86+x86_64, r-oldrel-windows-ix86+x86_64

Version: 4.4.6
Check: re-building of vignette outputs
Result: NOTE
    Error in re-building vignettes:
     ...
    Error in texi2dvi(file = file, pdf = TRUE, clean = clean, quiet = quiet, :
     Running 'texi2dvi' on 'mediation-old.tex' failed.
    LaTeX errors:
    ! LaTeX Error: File `titlesec.sty' not found.
    
    Type X to quit or <RETURN> to proceed,
    or enter new name. (Default extension: sty)
    
    ! Emergency stop.
    <read *>
    
    l.47 ^^M
    
    ! ==> Fatal error occurred, no output PDF file produced!
    Calls: buildVignettes -> texi2pdf -> texi2dvi
    Execution halted
Flavor: r-oldrel-osx-x86_64