CRAN Package Check Results for Package medrxivr

Last updated on 2024-02-29 11:49:30 CET.

Flavor Version Tinstall Tcheck Ttotal Status Flags
r-devel-linux-x86_64-debian-clang 0.0.5 5.54 74.84 80.38 NOTE
r-devel-linux-x86_64-debian-gcc 0.0.5 4.01 55.60 59.61 NOTE
r-devel-linux-x86_64-fedora-clang 0.0.5 100.50 NOTE
r-devel-linux-x86_64-fedora-gcc 0.0.5 103.46 NOTE
r-devel-windows-x86_64 0.0.5 6.00 84.00 90.00 NOTE
r-patched-linux-x86_64 0.0.5 6.05 69.68 75.73 NOTE
r-release-linux-x86_64 0.0.5 4.02 69.46 73.48 NOTE
r-release-macos-arm64 0.0.5 64.00 NOTE
r-release-macos-x86_64 0.0.5 81.00 NOTE
r-release-windows-x86_64 0.0.5 8.00 92.00 100.00 NOTE
r-oldrel-macos-arm64 0.0.5 90.00 NOTE
r-oldrel-windows-x86_64 0.0.5 8.00 110.00 118.00 NOTE

Check Details

Version: 0.0.5
Check: LazyData
Result: NOTE 'LazyData' is specified without a 'data' directory Flavors: r-devel-linux-x86_64-debian-clang, r-devel-linux-x86_64-debian-gcc, r-devel-linux-x86_64-fedora-clang, r-devel-linux-x86_64-fedora-gcc, r-devel-windows-x86_64, r-patched-linux-x86_64, r-release-linux-x86_64, r-release-macos-arm64, r-release-macos-x86_64, r-release-windows-x86_64, r-oldrel-macos-arm64, r-oldrel-windows-x86_64

Version: 0.0.5
Check: dependencies in R code
Result: NOTE Namespace in Imports field not imported from: ‘vroom’ All declared Imports should be used. Flavors: r-devel-linux-x86_64-fedora-clang, r-devel-linux-x86_64-fedora-gcc, r-oldrel-macos-arm64