CRAN Package Check Results for Package mefa

Last updated on 2020-07-05 14:48:23 CEST.

Flavor Version Tinstall Tcheck Ttotal Status Flags
r-devel-linux-x86_64-debian-clang 3.2-7 4.19 54.07 58.26 OK
r-devel-linux-x86_64-debian-gcc 3.2-7 3.85 42.73 46.58 OK
r-devel-linux-x86_64-fedora-clang 3.2-7 81.52 NOTE
r-devel-linux-x86_64-fedora-gcc 3.2-7 70.90 OK
r-devel-windows-ix86+x86_64 3.2-7 17.00 75.00 92.00 OK
r-patched-linux-x86_64 3.2-7 4.54 55.21 59.75 OK
r-patched-solaris-x86 3.2-7 96.80 OK
r-release-linux-x86_64 3.2-7 4.72 55.36 60.08 OK
r-release-osx-x86_64 3.2-7 OK
r-release-windows-ix86+x86_64 3.2-7 10.00 65.00 75.00 OK
r-oldrel-osx-x86_64 3.2-7 OK
r-oldrel-windows-ix86+x86_64 3.2-7 8.00 101.00 109.00 OK

Check Details

Version: 3.2-7
Check: Rd cross-references
Result: NOTE
    Undeclared packages ‘reshape’, ‘simba’, ‘labdsv’, ‘Hmisc’, ‘untb’ in Rd xrefs
Flavor: r-devel-linux-x86_64-fedora-clang