CRAN Package Check Results for Package mem

Last updated on 2018-05-20 20:47:57 CEST.

Flavor Version Tinstall Tcheck Ttotal Status Flags
r-devel-linux-x86_64-debian-clang 2.12 7.86 83.08 90.94 OK
r-devel-linux-x86_64-debian-gcc 2.12 7.60 63.79 71.39 OK
r-devel-linux-x86_64-fedora-clang 2.12 107.30 NOTE
r-devel-linux-x86_64-fedora-gcc 2.12 102.97 NOTE
r-devel-windows-ix86+x86_64 2.12 12.00 92.00 104.00 OK
r-patched-linux-x86_64 2.12 8.70 78.22 86.92 OK
r-patched-solaris-x86 2.12 165.90 NOTE
r-release-linux-x86_64 2.12 7.87 79.29 87.16 OK
r-release-windows-ix86+x86_64 2.12 11.00 82.00 93.00 OK
r-release-osx-x86_64 2.12 NOTE
r-oldrel-windows-ix86+x86_64 2.12 7.00 89.00 96.00 OK
r-oldrel-osx-x86_64 2.12 NOTE

Check Details

Version: 2.12
Check: dependencies in R code
Result: NOTE
    Namespace in Imports field not imported from: ‘tidyr’
     All declared Imports should be used.
Flavors: r-devel-linux-x86_64-fedora-clang, r-devel-linux-x86_64-fedora-gcc, r-patched-solaris-x86, r-release-osx-x86_64, r-oldrel-osx-x86_64