CRAN Package Check Results for Package memapp

Last updated on 2019-02-16 19:47:33 CET.

Flavor Version Tinstall Tcheck Ttotal Status Flags
r-devel-linux-x86_64-debian-clang 2.12 1.97 25.04 27.01 OK
r-devel-linux-x86_64-debian-gcc 2.12 1.59 20.79 22.38 OK
r-devel-linux-x86_64-fedora-clang 2.12 34.73 NOTE
r-devel-linux-x86_64-fedora-gcc 2.12 33.19 NOTE
r-devel-windows-ix86+x86_64 2.12 7.00 60.00 67.00 OK
r-patched-linux-x86_64 2.12 1.73 23.84 25.57 OK
r-patched-solaris-x86 2.12 50.70 NOTE
r-release-linux-x86_64 2.12 OK
r-release-windows-ix86+x86_64 2.12 5.00 57.00 62.00 OK
r-release-osx-x86_64 2.12 NOTE
r-oldrel-windows-ix86+x86_64 2.12 7.00 60.00 67.00 OK
r-oldrel-osx-x86_64 2.12 NOTE

Check Details

Version: 2.12
Check: dependencies in R code
Result: NOTE
    Namespaces in Imports field not imported from:
     ‘DT’ ‘RColorBrewer’ ‘RODBC’ ‘dplyr’ ‘foreign’ ‘formattable’ ‘ggplot2’
     ‘haven’ ‘mem’ ‘openxlsx’ ‘plotly’ ‘readxl’ ‘shinyBS’ ‘shinydashboard’
     ‘shinydashboardPlus’ ‘shinyjs’ ‘shinythemes’ ‘stringi’ ‘stringr’
     ‘tidyr’
     All declared Imports should be used.
Flavors: r-devel-linux-x86_64-fedora-clang, r-devel-linux-x86_64-fedora-gcc, r-patched-solaris-x86, r-release-osx-x86_64, r-oldrel-osx-x86_64