CRAN Package Check Results for Package memapp

Last updated on 2018-11-20 19:47:49 CET.

Flavor Version Tinstall Tcheck Ttotal Status Flags
r-devel-linux-x86_64-debian-clang 2.11 1.57 25.33 26.90 OK
r-devel-linux-x86_64-debian-gcc 2.11 1.34 20.42 21.76 OK
r-devel-linux-x86_64-fedora-clang 2.11 31.07 NOTE
r-devel-linux-x86_64-fedora-gcc 2.11 29.96 NOTE
r-devel-windows-ix86+x86_64 2.11 8.00 61.00 69.00 OK
r-patched-linux-x86_64 2.11 1.64 23.52 25.16 OK
r-patched-solaris-x86 2.11 45.50 NOTE
r-release-linux-x86_64 2.11 1.26 24.01 25.27 OK
r-release-windows-ix86+x86_64 2.11 5.00 43.00 48.00 OK
r-release-osx-x86_64 2.11 NOTE
r-oldrel-windows-ix86+x86_64 2.11 4.00 49.00 53.00 OK
r-oldrel-osx-x86_64 2.11 NOTE

Check Details

Version: 2.11
Check: dependencies in R code
Result: NOTE
    Namespaces in Imports field not imported from:
     ‘DT’ ‘RColorBrewer’ ‘RODBC’ ‘dplyr’ ‘foreign’ ‘formattable’ ‘ggplot2’
     ‘haven’ ‘mem’ ‘openxlsx’ ‘plotly’ ‘readxl’ ‘shinyBS’ ‘shinydashboard’
     ‘shinydashboardPlus’ ‘shinyjs’ ‘shinythemes’ ‘stringi’ ‘stringr’
     ‘tidyr’
     All declared Imports should be used.
Flavors: r-devel-linux-x86_64-fedora-clang, r-devel-linux-x86_64-fedora-gcc, r-patched-solaris-x86, r-release-osx-x86_64, r-oldrel-osx-x86_64