CRAN Package Check Results for Package memapp

Last updated on 2018-08-21 20:46:34 CEST.

Flavor Version Tinstall Tcheck Ttotal Status Flags
r-devel-linux-x86_64-debian-clang 2.10 1.65 26.50 28.15 OK
r-devel-linux-x86_64-debian-gcc 2.10 1.26 21.53 22.79 OK
r-devel-linux-x86_64-fedora-clang 2.10 33.43 NOTE
r-devel-linux-x86_64-fedora-gcc 2.10 31.86 NOTE
r-devel-windows-ix86+x86_64 2.10 11.00 54.00 65.00 OK
r-patched-linux-x86_64 2.10 1.23 23.52 24.75 OK
r-patched-solaris-x86 2.10 52.40 NOTE
r-release-linux-x86_64 2.10 1.33 23.57 24.90 OK
r-release-windows-ix86+x86_64 2.10 9.00 38.00 47.00 OK
r-release-osx-x86_64 2.10 NOTE
r-oldrel-windows-ix86+x86_64 2.10 6.00 52.00 58.00 OK
r-oldrel-osx-x86_64 2.10 NOTE

Check Details

Version: 2.10
Check: dependencies in R code
Result: NOTE
    Namespaces in Imports field not imported from:
     ‘DT’ ‘RColorBrewer’ ‘RODBC’ ‘dplyr’ ‘foreign’ ‘formattable’ ‘ggplot2’
     ‘haven’ ‘magrittr’ ‘mem’ ‘openxlsx’ ‘plotly’ ‘readxl’ ‘shinyBS’
     ‘shinydashboard’ ‘shinyjs’ ‘shinythemes’ ‘stringi’ ‘stringr’ ‘tidyr’
     All declared Imports should be used.
Flavors: r-devel-linux-x86_64-fedora-clang, r-devel-linux-x86_64-fedora-gcc, r-patched-solaris-x86, r-release-osx-x86_64, r-oldrel-osx-x86_64