CRAN Package Check Results for Package memgene

Last updated on 2024-07-14 20:51:03 CEST.

Flavor Version Tinstall Tcheck Ttotal Status Flags
r-devel-linux-x86_64-debian-clang 1.0.2 40.43 404.76 445.19 NOTE
r-devel-linux-x86_64-debian-gcc 1.0.2 33.09 277.42 310.51 NOTE
r-devel-linux-x86_64-fedora-clang 1.0.2 524.08 NOTE
r-devel-linux-x86_64-fedora-gcc 1.0.2 521.95 NOTE
r-devel-windows-x86_64 1.0.2 29.00 240.00 269.00 NOTE
r-patched-linux-x86_64 1.0.2 37.51 361.75 399.26 NOTE
r-release-linux-x86_64 1.0.2 35.71 378.84 414.55 NOTE
r-release-macos-arm64 1.0.2 120.00 NOTE
r-release-macos-x86_64 1.0.2 190.00 WARN
r-release-windows-x86_64 1.0.2 30.00 241.00 271.00 NOTE
r-oldrel-macos-arm64 1.0.2 139.00 OK
r-oldrel-macos-x86_64 1.0.2 233.00 OK
r-oldrel-windows-x86_64 1.0.2 44.00 319.00 363.00 OK

Check Details

Version: 1.0.2
Check: Rd files
Result: NOTE checkRd: (-1) mgLandscape.Rd:79: Lost braces 79 | A code{$summary} table giving the results of the variation partitioning. The following table | ^ Flavors: r-devel-linux-x86_64-debian-clang, r-devel-linux-x86_64-debian-gcc, r-devel-linux-x86_64-fedora-clang, r-devel-linux-x86_64-fedora-gcc, r-devel-windows-x86_64, r-patched-linux-x86_64, r-release-linux-x86_64, r-release-macos-arm64, r-release-macos-x86_64, r-release-windows-x86_64

Version: 1.0.2
Check: Rd cross-references
Result: NOTE Found the following Rd file(s) with Rd \link{} targets missing package anchors: mgLandscape.Rd: raster mgMap.Rd: ade4 Please provide package anchors for all Rd \link{} targets not in the package itself and the base packages. Flavor: r-devel-windows-x86_64

Version: 1.0.2
Check: re-building of vignette outputs
Result: WARN Error(s) in re-building vignettes: ... --- re-building ‘memgeneTutorial.Rnw’ using knitr Error: processing vignette 'memgeneTutorial.Rnw' failed with diagnostics: Running 'texi2dvi' on 'memgeneTutorial.tex' failed. LaTeX errors: ! Undefined control sequence. l.163 \hldef {radialData} \hlkwb{<-} \hlkwd{read.csv}\hldef{(}\hlkwd{system.f... ? ! Emergency stop. l.163 End of file on the terminal! ! ==> Fatal error occurred, no output PDF file produced! --- failed re-building ‘memgeneTutorial.Rnw’ SUMMARY: processing the following file failed: ‘memgeneTutorial.Rnw’ Error: Vignette re-building failed. Execution halted Flavor: r-release-macos-x86_64