Last updated on 2022-08-08 07:51:03 CEST.
Flavor | Version | Tinstall | Tcheck | Ttotal | Status | Flags |
---|---|---|---|---|---|---|
r-devel-linux-x86_64-debian-clang | 1.1.1 | 5.62 | 137.73 | 143.35 | NOTE | |
r-devel-linux-x86_64-debian-gcc | 1.1.1 | 4.52 | 94.90 | 99.42 | NOTE | |
r-devel-linux-x86_64-fedora-clang | 1.1.1 | 182.39 | NOTE | |||
r-devel-linux-x86_64-fedora-gcc | 1.1.1 | 171.74 | NOTE | |||
r-devel-windows-x86_64 | 1.1.1 | 9.00 | 160.00 | 169.00 | NOTE | |
r-patched-linux-x86_64 | 1.1.1 | 5.18 | 126.75 | 131.93 | NOTE | |
r-release-linux-x86_64 | 1.1.1 | NOTE | ||||
r-release-macos-arm64 | 1.1.1 | 49.00 | NOTE | |||
r-release-macos-x86_64 | 1.1.1 | 86.00 | NOTE | |||
r-release-windows-x86_64 | 1.1.1 | 41.00 | 162.00 | 203.00 | NOTE | |
r-oldrel-macos-arm64 | 1.1.1 | 49.00 | NOTE | |||
r-oldrel-macos-x86_64 | 1.1.1 | 91.00 | NOTE | |||
r-oldrel-windows-ix86+x86_64 | 1.1.1 | 11.00 | 167.00 | 178.00 | NOTE |
Version: 1.1.1
Check: LazyData
Result: NOTE
'LazyData' is specified without a 'data' directory
Flavors: r-devel-linux-x86_64-debian-clang, r-devel-linux-x86_64-debian-gcc, r-devel-linux-x86_64-fedora-clang, r-devel-linux-x86_64-fedora-gcc, r-devel-windows-x86_64, r-patched-linux-x86_64, r-release-linux-x86_64, r-release-macos-arm64, r-release-macos-x86_64, r-release-windows-x86_64, r-oldrel-macos-arm64, r-oldrel-macos-x86_64, r-oldrel-windows-ix86+x86_64
Version: 1.1.1
Check: dependencies in R code
Result: NOTE
Namespace in Imports field not imported from: ‘urca’
All declared Imports should be used.
Flavors: r-devel-linux-x86_64-fedora-clang, r-devel-linux-x86_64-fedora-gcc, r-release-macos-arm64, r-release-macos-x86_64, r-oldrel-macos-arm64, r-oldrel-macos-x86_64