CRAN Package Check Results for Package memoria

Last updated on 2022-12-10 05:57:30 CET.

Flavor Version Tinstall Tcheck Ttotal Status Flags
r-devel-linux-x86_64-debian-clang 1.0.0 17.38 152.29 169.67 NOTE
r-devel-linux-x86_64-debian-gcc 1.0.0 14.83 115.31 130.14 NOTE
r-devel-linux-x86_64-fedora-clang 1.0.0 216.93 NOTE
r-devel-linux-x86_64-fedora-gcc 1.0.0 222.49 NOTE
r-devel-windows-x86_64 1.0.0 34.00 175.00 209.00 NOTE
r-patched-linux-x86_64 1.0.0 17.18 142.92 160.10 OK
r-release-linux-x86_64 1.0.0 11.45 144.54 155.99 OK
r-release-macos-arm64 1.0.0 50.00 OK
r-release-macos-x86_64 1.0.0 92.00 OK
r-release-windows-x86_64 1.0.0 30.00 175.00 205.00 OK
r-oldrel-macos-arm64 1.0.0 58.00 OK
r-oldrel-macos-x86_64 1.0.0 103.00 OK
r-oldrel-windows-ix86+x86_64 1.0.0 24.00 18.00 42.00 ERROR

Check Details

Version: 1.0.0
Check: package subdirectories
Result: NOTE
    Problems with news in 'NEWS.md':
    No news entries found.
Flavors: r-devel-linux-x86_64-debian-clang, r-devel-linux-x86_64-debian-gcc, r-devel-linux-x86_64-fedora-clang, r-devel-linux-x86_64-fedora-gcc, r-devel-windows-x86_64

Version: 1.0.0
Check: whether package can be installed
Result: ERROR
    Installation failed.
Flavor: r-oldrel-windows-ix86+x86_64