Last updated on 2023-12-03 14:50:28 CET.
Flavor | Version | Tinstall | Tcheck | Ttotal | Status | Flags |
---|---|---|---|---|---|---|
r-devel-linux-x86_64-debian-clang | 1.0.0 | 16.13 | 149.15 | 165.28 | NOTE | |
r-devel-linux-x86_64-debian-gcc | 1.0.0 | 14.88 | 108.94 | 123.82 | NOTE | |
r-devel-linux-x86_64-fedora-clang | 1.0.0 | 214.67 | NOTE | |||
r-devel-linux-x86_64-fedora-gcc | 1.0.0 | 206.39 | NOTE | |||
r-devel-windows-x86_64 | 1.0.0 | 17.00 | 118.00 | 135.00 | NOTE | |
r-patched-linux-x86_64 | 1.0.0 | 12.41 | 138.62 | 151.03 | NOTE | |
r-release-linux-x86_64 | 1.0.0 | 12.32 | 135.77 | 148.09 | NOTE | |
r-release-macos-arm64 | 1.0.0 | 72.00 | NOTE | |||
r-release-macos-x86_64 | 1.0.0 | 110.00 | NOTE | |||
r-release-windows-x86_64 | 1.0.0 | 20.00 | 147.00 | 167.00 | NOTE | |
r-oldrel-macos-arm64 | 1.0.0 | 50.00 | OK | |||
r-oldrel-macos-x86_64 | 1.0.0 | 92.00 | OK | |||
r-oldrel-windows-x86_64 | 1.0.0 | 23.00 | 142.00 | 165.00 | OK |
Version: 1.0.0
Check: package subdirectories
Result: NOTE
Problems with news in ‘NEWS.md’:
No news entries found.
Flavors: r-devel-linux-x86_64-debian-clang, r-devel-linux-x86_64-debian-gcc, r-devel-linux-x86_64-fedora-clang, r-devel-linux-x86_64-fedora-gcc, r-devel-windows-x86_64, r-patched-linux-x86_64, r-release-linux-x86_64, r-release-macos-arm64, r-release-macos-x86_64, r-release-windows-x86_64