CRAN Package Check Results for Package messy.cats

Last updated on 2023-12-03 07:52:02 CET.

Flavor Version Tinstall Tcheck Ttotal Status Flags
r-devel-linux-x86_64-debian-clang 1.0 6.53 54.37 60.90 OK
r-devel-linux-x86_64-debian-gcc 1.0 4.68 39.85 44.53 OK
r-devel-linux-x86_64-fedora-clang 1.0 82.62 NOTE
r-devel-linux-x86_64-fedora-gcc 1.0 86.51 NOTE
r-devel-windows-x86_64 1.0 6.00 62.00 68.00 OK
r-patched-linux-x86_64 1.0 4.46 49.93 54.39 OK
r-release-linux-x86_64 1.0 3.90 49.72 53.62 OK
r-release-macos-arm64 1.0 33.00 OK
r-release-macos-x86_64 1.0 47.00 OK
r-release-windows-x86_64 1.0 9.00 70.00 79.00 OK
r-oldrel-macos-arm64 1.0 29.00 NOTE
r-oldrel-macos-x86_64 1.0 40.00 NOTE
r-oldrel-windows-x86_64 1.0 9.00 68.00 77.00 OK

Check Details

Version: 1.0
Check: dependencies in R code
Result: NOTE Namespace in Imports field not imported from: ‘gt’ All declared Imports should be used. Flavors: r-devel-linux-x86_64-fedora-clang, r-devel-linux-x86_64-fedora-gcc, r-oldrel-macos-arm64, r-oldrel-macos-x86_64