CRAN Package Check Results for Package messydates

Last updated on 2024-02-25 14:48:24 CET.

Flavor Version Tinstall Tcheck Ttotal Status Flags
r-devel-linux-x86_64-debian-clang 0.3.5 8.33 80.56 88.89 NOTE
r-devel-linux-x86_64-debian-gcc 0.3.5 7.05 60.13 67.18 NOTE
r-devel-linux-x86_64-fedora-clang 0.3.5 108.25 NOTE
r-devel-linux-x86_64-fedora-gcc 0.3.5 114.64 NOTE
r-devel-windows-x86_64 0.3.5 8.00 83.00 91.00 OK
r-patched-linux-x86_64 0.3.5 8.75 75.46 84.21 OK
r-release-linux-x86_64 0.3.5 6.56 75.98 82.54 OK
r-release-macos-arm64 0.3.5 42.00 OK
r-release-macos-x86_64 0.3.5 64.00 OK
r-release-windows-x86_64 0.3.5 10.00 93.00 103.00 OK
r-oldrel-macos-arm64 0.3.5 36.00 OK
r-oldrel-windows-x86_64 0.3.5 10.00 96.00 106.00 OK

Check Details

Version: 0.3.5
Check: Rd files
Result: NOTE checkRd: (-1) expand.Rd:28: Lost braces; missing escapes or markup? 28 | approximate dates (annotated with '..', '{ , }', 'XX' or '~'). | ^ Flavors: r-devel-linux-x86_64-debian-clang, r-devel-linux-x86_64-debian-gcc

Version: 0.3.5
Check: data for non-ASCII characters
Result: NOTE Note: found 1 marked UTF-8 string Flavors: r-devel-linux-x86_64-fedora-clang, r-devel-linux-x86_64-fedora-gcc