Last updated on 2021-01-23 23:47:20 CET.
Flavor | Version | Tinstall | Tcheck | Ttotal | Status | Flags |
---|---|---|---|---|---|---|
r-devel-linux-x86_64-debian-clang | 0.6.6 | 905.62 | 271.57 | 1177.19 | NOTE | |
r-devel-linux-x86_64-debian-gcc | 0.6.6 | 716.24 | 227.71 | 943.95 | NOTE | |
r-devel-linux-x86_64-fedora-clang | 0.6.6 | 1616.39 | NOTE | |||
r-devel-linux-x86_64-fedora-gcc | 0.6.6 | 1748.40 | NOTE | |||
r-devel-windows-ix86+x86_64 | 0.6.6 | 2018.00 | 409.00 | 2427.00 | NOTE | |
r-patched-linux-x86_64 | 0.6.6 | 661.91 | 294.24 | 956.15 | NOTE | |
r-patched-solaris-x86 | 0.6.6 | 1544.30 | NOTE | |||
r-release-linux-x86_64 | 0.6.6 | 766.14 | 300.77 | 1066.91 | NOTE | |
r-release-macos-x86_64 | 0.6.6 | NOTE | ||||
r-release-windows-ix86+x86_64 | 0.6.6 | 1976.00 | 571.00 | 2547.00 | NOTE | |
r-oldrel-macos-x86_64 | 0.6.6 | NOTE | ||||
r-oldrel-windows-ix86+x86_64 | 0.6.6 | 1620.00 | 521.00 | 2141.00 | NOTE |
Version: 0.6.6
Check: for GNU extensions in Makefiles
Result: NOTE
GNU make is a SystemRequirements.
Flavors: r-devel-linux-x86_64-debian-clang, r-devel-linux-x86_64-debian-gcc, r-devel-linux-x86_64-fedora-clang, r-devel-linux-x86_64-fedora-gcc, r-devel-windows-ix86+x86_64, r-patched-linux-x86_64, r-patched-solaris-x86, r-release-linux-x86_64, r-release-macos-x86_64, r-release-windows-ix86+x86_64, r-oldrel-macos-x86_64, r-oldrel-windows-ix86+x86_64
Version: 0.6.6
Check: installed package size
Result: NOTE
installed size is 132.6Mb
sub-directories of 1Mb or more:
libs 131.9Mb
Flavors: r-devel-linux-x86_64-fedora-clang, r-devel-windows-ix86+x86_64, r-patched-solaris-x86, r-release-macos-x86_64, r-release-windows-ix86+x86_64, r-oldrel-macos-x86_64, r-oldrel-windows-ix86+x86_64