CRAN Package Check Results for Package metaBMA

Last updated on 2020-02-24 14:48:08 CET.

Flavor Version Tinstall Tcheck Ttotal Status Flags
r-devel-linux-x86_64-debian-clang 0.6.2 747.74 345.06 1092.80 NOTE
r-devel-linux-x86_64-debian-gcc 0.6.2 750.86 268.64 1019.50 NOTE
r-devel-linux-x86_64-fedora-clang 0.6.2 1483.65 NOTE
r-devel-linux-x86_64-fedora-gcc 0.6.2 1783.56 NOTE
r-devel-windows-ix86+x86_64 0.6.2 1301.00 523.00 1824.00 NOTE
r-devel-windows-ix86+x86_64-gcc8 0.6.2 2033.00 737.00 2770.00 NOTE
r-patched-linux-x86_64 0.6.2 NOTE
r-patched-solaris-x86 0.6.2 1446.60 NOTE
r-release-linux-x86_64 0.6.2 782.25 315.16 1097.41 NOTE
r-release-windows-ix86+x86_64 0.6.2 1274.00 501.00 1775.00 NOTE
r-release-osx-x86_64 0.6.2 NOTE
r-oldrel-windows-ix86+x86_64 0.6.2 1394.00 557.00 1951.00 NOTE
r-oldrel-osx-x86_64 0.6.2 NOTE

Check Details

Version: 0.6.2
Check: for GNU extensions in Makefiles
Result: NOTE
    GNU make is a SystemRequirements.
Flavors: r-devel-linux-x86_64-debian-clang, r-devel-linux-x86_64-debian-gcc, r-devel-linux-x86_64-fedora-clang, r-devel-linux-x86_64-fedora-gcc, r-devel-windows-ix86+x86_64, r-devel-windows-ix86+x86_64-gcc8, r-patched-linux-x86_64, r-patched-solaris-x86, r-release-linux-x86_64, r-release-windows-ix86+x86_64, r-release-osx-x86_64, r-oldrel-windows-ix86+x86_64, r-oldrel-osx-x86_64

Version: 0.6.2
Check: installed package size
Result: NOTE
     installed size is 111.9Mb
     sub-directories of 1Mb or more:
     libs 111.3Mb
Flavors: r-devel-linux-x86_64-fedora-clang, r-devel-windows-ix86+x86_64, r-devel-windows-ix86+x86_64-gcc8, r-patched-solaris-x86, r-release-windows-ix86+x86_64, r-release-osx-x86_64, r-oldrel-windows-ix86+x86_64, r-oldrel-osx-x86_64