CRAN Package Check Results for Package metaDigitise

Last updated on 2022-12-05 09:51:23 CET.

Flavor Version Tinstall Tcheck Ttotal Status Flags
r-devel-linux-x86_64-debian-clang 1.0.1 3.92 39.73 43.65 NOTE
r-devel-linux-x86_64-debian-gcc 1.0.1 3.19 30.71 33.90 NOTE
r-devel-linux-x86_64-fedora-clang 1.0.1 65.80 NOTE
r-devel-linux-x86_64-fedora-gcc 1.0.1 97.14 NOTE
r-devel-windows-x86_64 1.0.1 37.00 75.00 112.00 NOTE
r-patched-linux-x86_64 1.0.1 4.45 36.38 40.83 NOTE
r-release-linux-x86_64 1.0.1 4.24 36.72 40.96 NOTE
r-release-macos-arm64 1.0.1 32.00 NOTE
r-release-macos-x86_64 1.0.1 46.00 NOTE
r-release-windows-x86_64 1.0.1 71.00 74.00 145.00 NOTE
r-oldrel-macos-arm64 1.0.1 32.00 NOTE
r-oldrel-macos-x86_64 1.0.1 62.00 NOTE
r-oldrel-windows-ix86+x86_64 1.0.1 8.00 65.00 73.00 NOTE

Check Details

Version: 1.0.1
Check: package subdirectories
Result: NOTE
    Problems with news in 'NEWS.md':
    No news entries found.
Flavors: r-devel-linux-x86_64-debian-clang, r-devel-linux-x86_64-debian-gcc, r-devel-linux-x86_64-fedora-clang, r-devel-linux-x86_64-fedora-gcc, r-devel-windows-x86_64

Version: 1.0.1
Check: LazyData
Result: NOTE
     'LazyData' is specified without a 'data' directory
Flavors: r-devel-linux-x86_64-debian-clang, r-devel-linux-x86_64-debian-gcc, r-devel-linux-x86_64-fedora-clang, r-devel-linux-x86_64-fedora-gcc, r-devel-windows-x86_64, r-patched-linux-x86_64, r-release-linux-x86_64, r-release-macos-arm64, r-release-macos-x86_64, r-release-windows-x86_64, r-oldrel-macos-arm64, r-oldrel-macos-x86_64, r-oldrel-windows-ix86+x86_64