CRAN Package Check Results for Package metaEnsembleR

Last updated on 2022-06-30 05:57:56 CEST.

Flavor Version Tinstall Tcheck Ttotal Status Flags
r-devel-linux-x86_64-debian-clang 0.1.0 2.51 31.65 34.16 OK
r-devel-linux-x86_64-debian-gcc 0.1.0 2.13 24.95 27.08 OK
r-devel-linux-x86_64-fedora-clang 0.1.0 53.32 NOTE
r-devel-linux-x86_64-fedora-gcc 0.1.0 53.20 NOTE
r-devel-windows-x86_64 0.1.0 35.00 56.00 91.00 OK
r-patched-linux-x86_64 0.1.0 2.70 31.01 33.71 OK
r-release-linux-x86_64 0.1.0 1.63 31.44 33.07 OK
r-release-macos-arm64 0.1.0 18.00 NOTE
r-release-macos-x86_64 0.1.0 28.00 NOTE
r-release-windows-x86_64 0.1.0 14.00 55.00 69.00 OK
r-oldrel-macos-arm64 0.1.0 23.00 NOTE
r-oldrel-macos-x86_64 0.1.0 29.00 NOTE
r-oldrel-windows-ix86+x86_64 0.1.0 8.00 50.00 58.00 OK

Check Details

Version: 0.1.0
Check: dependencies in R code
Result: NOTE
    Namespaces in Imports field not imported from:
     ‘e1071’ ‘gbm’ ‘ggplot2’ ‘graphics’ ‘randomForest’
     All declared Imports should be used.
Flavors: r-devel-linux-x86_64-fedora-clang, r-devel-linux-x86_64-fedora-gcc, r-release-macos-arm64, r-release-macos-x86_64, r-oldrel-macos-arm64, r-oldrel-macos-x86_64