CRAN Package Check Results for Package metaMA

Last updated on 2022-06-26 05:52:30 CEST.

Flavor Version Tinstall Tcheck Ttotal Status Flags
r-devel-linux-x86_64-debian-clang 3.1.3 2.57 45.36 47.93 OK
r-devel-linux-x86_64-debian-gcc 3.1.3 2.91 34.86 37.77 OK
r-devel-linux-x86_64-fedora-clang 3.1.3 72.14 OK
r-devel-linux-x86_64-fedora-gcc 3.1.3 71.80 OK
r-devel-windows-x86_64 3.1.3 14.00 89.00 103.00 OK
r-patched-linux-x86_64 3.1.3 4.08 44.20 48.28 OK
r-release-linux-x86_64 3.1.3 3.42 43.73 47.15 OK
r-release-macos-arm64 3.1.3 28.00 NOTE
r-release-macos-x86_64 3.1.3 34.00 OK
r-release-windows-x86_64 3.1.3 13.00 88.00 101.00 OK
r-oldrel-macos-arm64 3.1.3 26.00 NOTE
r-oldrel-macos-x86_64 3.1.3 34.00 OK
r-oldrel-windows-ix86+x86_64 3.1.3 8.00 74.00 82.00 OK

Check Details

Version: 3.1.3
Check: package dependencies
Result: NOTE
    Packages suggested but not available for checking:
     'hgu133a.db', 'hgu95av2.db'
Flavor: r-release-macos-arm64

Version: 3.1.3
Check: package dependencies
Result: NOTE
    Package suggested but not available for checking: ‘hgu133a.db’
Flavor: r-oldrel-macos-arm64