CRAN Package Check Results for Package metaMA

Last updated on 2021-12-08 06:51:19 CET.

Flavor Version Tinstall Tcheck Ttotal Status Flags
r-devel-linux-x86_64-debian-clang 3.1.2 4.26 66.52 70.78 NOTE
r-devel-linux-x86_64-debian-gcc 3.1.2 3.65 51.02 54.67 NOTE
r-devel-linux-x86_64-fedora-clang 3.1.2 90.81 NOTE
r-devel-linux-x86_64-fedora-gcc 3.1.2 78.74 NOTE
r-devel-windows-x86_64-new-UL 3.1.2 10.00 115.00 125.00 NOTE
r-devel-windows-x86_64-new-TK 3.1.2 NOTE
r-devel-windows-x86_64-old 3.1.2 7.00 65.00 72.00 NOTE
r-patched-linux-x86_64 3.1.2 4.98 64.37 69.35 NOTE
r-release-linux-x86_64 3.1.2 4.32 64.57 68.89 NOTE
r-release-macos-arm64 3.1.2 NOTE
r-release-macos-x86_64 3.1.2 NOTE
r-release-windows-ix86+x86_64 3.1.2 6.00 77.00 83.00 NOTE
r-oldrel-macos-x86_64 3.1.2 NOTE
r-oldrel-windows-ix86+x86_64 3.1.2 10.00 88.00 98.00 NOTE

Check Details

Version: 3.1.2
Check: DESCRIPTION meta-information
Result: NOTE
    Malformed Description field: should contain one or more complete sentences.
Flavors: r-devel-linux-x86_64-debian-clang, r-devel-linux-x86_64-debian-gcc, r-devel-linux-x86_64-fedora-clang, r-devel-linux-x86_64-fedora-gcc, r-devel-windows-x86_64-new-UL, r-devel-windows-x86_64-new-TK, r-devel-windows-x86_64-old, r-patched-linux-x86_64, r-release-linux-x86_64, r-release-macos-arm64, r-release-macos-x86_64, r-release-windows-ix86+x86_64, r-oldrel-macos-x86_64, r-oldrel-windows-ix86+x86_64

Version: 3.1.2
Check: R code for possible problems
Result: NOTE
    EScombination: no visible global function definition for 'model.matrix'
    EScombination: no visible global function definition for 'p.adjust'
    EScombination: no visible global function definition for 'pt'
    EScombination.paired: no visible global function definition for
     'p.adjust'
    EScombination.paired: no visible global function definition for 'pt'
    calcfit2Diffrep: no visible global function definition for
     'model.matrix'
    directEScombi: no visible global function definition for 'pnorm'
    directEScombi: no visible global function definition for 'p.adjust'
    directpvalcombi : fstatmeta: no visible global function definition for
     'qnorm'
    directpvalcombi: no visible global function definition for 'pnorm'
    directpvalcombi: no visible global function definition for 'p.adjust'
    pvalcombination: no visible global function definition for
     'model.matrix'
    pvalcombination: no visible global function definition for 'p.adjust'
    pvalcombination: no visible global function definition for 'pt'
    pvalcombination.paired: no visible global function definition for
     'p.adjust'
    pvalcombination.paired: no visible global function definition for 'pt'
    Undefined global functions or variables:
     model.matrix p.adjust pnorm pt qnorm
    Consider adding
     importFrom("stats", "model.matrix", "p.adjust", "pnorm", "pt", "qnorm")
    to your NAMESPACE file.
Flavors: r-devel-linux-x86_64-debian-clang, r-devel-linux-x86_64-debian-gcc, r-devel-linux-x86_64-fedora-clang, r-devel-linux-x86_64-fedora-gcc, r-devel-windows-x86_64-new-UL, r-devel-windows-x86_64-new-TK, r-devel-windows-x86_64-old, r-patched-linux-x86_64, r-release-linux-x86_64, r-release-macos-arm64, r-release-macos-x86_64, r-release-windows-ix86+x86_64, r-oldrel-macos-x86_64, r-oldrel-windows-ix86+x86_64

Version: 3.1.2
Check: installed package size
Result: NOTE
     installed size is 9.5Mb
     sub-directories of 1Mb or more:
     data 9.1Mb
Flavors: r-devel-linux-x86_64-fedora-clang, r-devel-windows-x86_64-new-UL, r-devel-windows-x86_64-old, r-release-macos-arm64, r-release-macos-x86_64, r-release-windows-ix86+x86_64, r-oldrel-macos-x86_64, r-oldrel-windows-ix86+x86_64

Version: 3.1.2
Check: package dependencies
Result: NOTE
    Packages suggested but not available for checking:
     'GEOquery', 'org.Hs.eg.db', 'annaffy', 'hgu133plus2.db',
     'hgu133a.db', 'hgu95av2.db'
Flavor: r-release-macos-arm64

Version: 3.1.2
Check: package dependencies
Result: NOTE
    Packages suggested but not available for checking:
     'org.Hs.eg.db', 'annaffy', 'hgu133plus2.db', 'hgu133a.db',
     'hgu95av2.db'
Flavor: r-release-macos-x86_64

Version: 3.1.2
Check: package dependencies
Result: NOTE
    Packages suggested but not available for checking:
     'annaffy', 'hgu133plus2.db', 'hgu95av2.db'
Flavor: r-oldrel-macos-x86_64