CRAN Package Check Results for Package metaboGSE

Last updated on 2019-04-21 18:53:43 CEST.

Flavor Version Tinstall Tcheck Ttotal Status Flags
r-devel-linux-x86_64-debian-clang 1.2.1 50.16 407.61 457.77 OK
r-devel-linux-x86_64-debian-gcc 1.2.1 44.88 309.64 354.52 OK
r-devel-linux-x86_64-fedora-clang 1.2.1 535.63 NOTE
r-devel-linux-x86_64-fedora-gcc 1.2.1 513.54 OK
r-devel-windows-ix86+x86_64 1.2.1 96.00 356.00 452.00 NOTE
r-patched-linux-x86_64 1.2.1 48.70 393.76 442.46 OK
r-patched-solaris-x86 1.2.1 790.30 NOTE
r-release-linux-x86_64 1.2.1 39.79 430.31 470.10 OK
r-release-windows-ix86+x86_64 1.2.1 58.00 513.00 571.00 NOTE
r-release-osx-x86_64 1.2.1 NOTE
r-oldrel-windows-ix86+x86_64 1.2.1 58.00 547.00 605.00 NOTE
r-oldrel-osx-x86_64 1.2.1 ERROR

Check Details

Version: 1.2.1
Check: installed package size
Result: NOTE
     installed size is 6.6Mb
     sub-directories of 1Mb or more:
     data 6.1Mb
Flavors: r-devel-linux-x86_64-fedora-clang, r-devel-windows-ix86+x86_64, r-patched-solaris-x86, r-release-windows-ix86+x86_64, r-release-osx-x86_64, r-oldrel-windows-ix86+x86_64

Version: 1.2.1
Check: package dependencies
Result: NOTE
    Packages suggested but not available for checking: ‘clpAPI’ ‘ctc’
Flavors: r-release-osx-x86_64, r-oldrel-osx-x86_64

Version: 1.2.1
Check: whether package can be installed
Result: ERROR
    Installation failed.
Flavor: r-oldrel-osx-x86_64