CRAN Package Check Results for Package metaboGSE

Last updated on 2019-06-17 09:49:48 CEST.

Flavor Version Tinstall Tcheck Ttotal Status Flags
r-devel-linux-x86_64-debian-clang 1.2.1 48.01 404.01 452.02 NOTE
r-devel-linux-x86_64-debian-gcc 1.2.1 48.89 309.87 358.76 NOTE
r-devel-linux-x86_64-fedora-clang 1.2.1 533.71 NOTE
r-devel-linux-x86_64-fedora-gcc 1.2.1 523.78 NOTE
r-devel-windows-ix86+x86_64 1.2.1 106.00 506.00 612.00 NOTE
r-patched-linux-x86_64 1.2.1 47.23 387.84 435.07 OK
r-patched-solaris-x86 1.2.1 736.60 NOTE
r-release-linux-x86_64 1.2.1 48.52 392.21 440.73 OK
r-release-windows-ix86+x86_64 1.2.1 78.00 503.00 581.00 NOTE
r-release-osx-x86_64 1.2.1 ERROR
r-oldrel-windows-ix86+x86_64 1.2.1 55.00 504.00 559.00 NOTE
r-oldrel-osx-x86_64 1.2.1 NOTE

Check Details

Version: 1.2.1
Check: for non-standard things in the check directory
Result: NOTE
    Found the following files/directories:
     'DN_random.pdf' 'DN_smooth.pdf' 'sub_GSE.pdf'
Flavors: r-devel-linux-x86_64-debian-clang, r-devel-linux-x86_64-debian-gcc, r-devel-linux-x86_64-fedora-clang, r-devel-linux-x86_64-fedora-gcc

Version: 1.2.1
Check: installed package size
Result: NOTE
     installed size is 6.6Mb
     sub-directories of 1Mb or more:
     data 6.1Mb
Flavors: r-devel-linux-x86_64-fedora-clang, r-devel-windows-ix86+x86_64, r-patched-solaris-x86, r-release-windows-ix86+x86_64, r-oldrel-windows-ix86+x86_64, r-oldrel-osx-x86_64

Version: 1.2.1
Check: package dependencies
Result: ERROR
    Packages required but not available: 'AnnotationDbi', 'topGO'
    
    Packages suggested but not available for checking:
     'clpAPI', 'KEGGREST', 'ctc'
    
    See section ‘The DESCRIPTION file’ in the ‘Writing R Extensions’
    manual.
Flavor: r-release-osx-x86_64

Version: 1.2.1
Check: package dependencies
Result: NOTE
    Packages suggested but not available for checking: ‘clpAPI’ ‘ctc’
Flavor: r-oldrel-osx-x86_64