CRAN Package Check Results for Package metacart

Last updated on 2018-12-18 14:47:25 CET.

Flavor Version Tinstall Tcheck Ttotal Status Flags
r-devel-linux-x86_64-debian-clang 2.0-0 38.76 43.89 82.65 OK
r-devel-linux-x86_64-debian-gcc 2.0-0 33.68 34.16 67.84 OK
r-devel-linux-x86_64-fedora-clang 2.0-0 111.87 NOTE
r-devel-linux-x86_64-fedora-gcc 2.0-0 102.25 NOTE
r-devel-windows-ix86+x86_64 2.0-0 102.00 106.00 208.00 OK
r-patched-linux-x86_64 2.0-0 39.48 40.62 80.10 OK
r-patched-solaris-x86 2.0-0 114.00 NOTE
r-release-linux-x86_64 2.0-0 44.22 41.24 85.46 OK
r-release-windows-ix86+x86_64 2.0-0 102.00 107.00 209.00 OK
r-release-osx-x86_64 2.0-0 NOTE
r-oldrel-windows-ix86+x86_64 2.0-0 98.00 114.00 212.00 OK
r-oldrel-osx-x86_64 2.0-0 NOTE

Check Details

Version: 2.0-0
Check: dependencies in R code
Result: NOTE
    Namespace in Imports field not imported from: ‘Rcpp’
     All declared Imports should be used.
Flavors: r-devel-linux-x86_64-fedora-clang, r-devel-linux-x86_64-fedora-gcc, r-patched-solaris-x86, r-release-osx-x86_64, r-oldrel-osx-x86_64