CRAN Package Check Results for Package metagear

Last updated on 2018-02-19 13:47:49 CET.

Flavor Version Tinstall Tcheck Ttotal Status Flags
r-devel-linux-x86_64-debian-clang 0.4 12.17 115.58 127.75 NOTE
r-devel-linux-x86_64-debian-gcc 0.4 10.37 97.91 108.28 ERROR
r-devel-windows-ix86+x86_64 0.4 20.00 108.00 128.00 OK
r-patched-linux-x86_64 0.4 10.60 129.96 140.56 OK
r-patched-solaris-x86 0.4 228.40 OK
r-release-linux-x86_64 0.4 9.01 128.18 137.19 OK
r-release-windows-ix86+x86_64 0.4 23.00 168.00 191.00 OK
r-release-osx-x86_64 0.4 ERROR
r-oldrel-windows-ix86+x86_64 0.4 22.00 140.00 162.00 OK
r-oldrel-osx-x86_64 0.4 ERROR

Check Details

Version: 0.4
Check: DESCRIPTION meta-information
Result: NOTE
    Dependence on R version ‘3.3.2’ not with patchlevel 0
Flavors: r-devel-linux-x86_64-debian-clang, r-devel-linux-x86_64-debian-gcc

Version: 0.4
Check: tests
Result: ERROR
     Running ‘testthat.R’ [4s/6s]
    Running the tests in ‘tests/testthat.R’ failed.
    Complete output:
     > library(testthat)
     > library(metagear)
     >
     > test_check("metagear")
     === SCREENING EFFORT SUMMARY ===
    
     4 candidate studies identified
     5 studies excluded
     2 challenging studies needing additional screening
     ----
     11 TOTAL SCREENED
    
     === SCREENING DESIGN SUMMARY ===
    
     MAYBE NO YES TOTAL %
     Christina 1 3 2 6 54.54545
     Luc 1 2 2 5 45.45455
     TOTAL 2 5 4 11 100.00000
     ── 1. Failure: returns specified number of randoms (@test-random_missingness.R#1
     anyNA(aDataFrame$YEAR) isn't true.
    
     ── 2. Failure: returns specified number of randoms (@test-random_missingness.R#1
     anyNA(aDataFrame$JOURNAL) isn't true.
    
     ══ testthat results ═══════════════════════════════════════════════════════════
     OK: 53 SKIPPED: 0 FAILED: 2
     1. Failure: returns specified number of randoms (@test-random_missingness.R#14)
     2. Failure: returns specified number of randoms (@test-random_missingness.R#15)
    
     Error: testthat unit tests failed
     Execution halted
Flavor: r-devel-linux-x86_64-debian-gcc

Version: 0.4
Check: package dependencies
Result: ERROR
    Packages required but not available: ‘EBImage’ ‘gWidgetsRGtk2’
    
    See section ‘The DESCRIPTION file’ in the ‘Writing R Extensions’
    manual.
Flavor: r-release-osx-x86_64

Version: 0.4
Check: package dependencies
Result: ERROR
    Package required and available but unsuitable version: ‘EBImage’
    
    See section ‘The DESCRIPTION file’ in the ‘Writing R Extensions’
    manual.
Flavor: r-oldrel-osx-x86_64