CRAN Package Check Results for Package metagear

Last updated on 2018-08-17 07:47:37 CEST.

Flavor Version Tinstall Tcheck Ttotal Status Flags
r-devel-linux-x86_64-debian-clang 0.4 14.84 146.14 160.98 OK
r-devel-linux-x86_64-debian-gcc 0.4 10.69 116.58 127.27 OK
r-devel-linux-x86_64-fedora-clang 0.4 187.15 OK
r-devel-linux-x86_64-fedora-gcc 0.4 182.94 OK
r-devel-windows-ix86+x86_64 0.4 33.00 181.00 214.00 OK
r-patched-linux-x86_64 0.4 11.69 124.66 136.35 NOTE
r-patched-solaris-x86 0.4 258.80 OK
r-release-linux-x86_64 0.4 9.20 124.40 133.60 NOTE
r-release-windows-ix86+x86_64 0.4 26.00 149.00 175.00 OK
r-release-osx-x86_64 0.4 ERROR
r-oldrel-windows-ix86+x86_64 0.4 26.00 118.00 144.00 OK
r-oldrel-osx-x86_64 0.4 ERROR

Check Details

Version: 0.4
Check: DESCRIPTION meta-information
Result: NOTE
    Dependence on R version ‘3.3.2’ not with patchlevel 0
Flavors: r-patched-linux-x86_64, r-release-linux-x86_64

Version: 0.4
Check: package dependencies
Result: ERROR
    Package required but not available: ‘gWidgetsRGtk2’
    
    See section ‘The DESCRIPTION file’ in the ‘Writing R Extensions’
    manual.
Flavors: r-release-osx-x86_64, r-oldrel-osx-x86_64