CRAN Package Check Results for Package metagear

Last updated on 2018-10-16 11:48:10 CEST.

Flavor Version Tinstall Tcheck Ttotal Status Flags
r-devel-linux-x86_64-debian-clang 0.4 11.50 166.45 177.95 OK
r-devel-linux-x86_64-debian-gcc 0.4 12.28 131.13 143.41 OK
r-devel-linux-x86_64-fedora-clang 0.4 211.80 OK
r-devel-linux-x86_64-fedora-gcc 0.4 210.46 OK
r-devel-windows-ix86+x86_64 0.4 33.00 189.00 222.00 OK
r-patched-linux-x86_64 0.4 13.35 144.52 157.87 NOTE
r-patched-solaris-x86 0.4 258.80 OK
r-release-linux-x86_64 0.4 11.40 144.20 155.60 NOTE
r-release-windows-ix86+x86_64 0.4 21.00 157.00 178.00 OK
r-release-osx-x86_64 0.4 ERROR
r-oldrel-windows-ix86+x86_64 0.4 25.00 137.00 162.00 OK
r-oldrel-osx-x86_64 0.4 ERROR

Check Details

Version: 0.4
Check: DESCRIPTION meta-information
Result: NOTE
    Dependence on R version ‘3.3.2’ not with patchlevel 0
Flavors: r-patched-linux-x86_64, r-release-linux-x86_64

Version: 0.4
Check: package dependencies
Result: ERROR
    Package required but not available: ‘gWidgetsRGtk2’
    
    See section ‘The DESCRIPTION file’ in the ‘Writing R Extensions’
    manual.
Flavors: r-release-osx-x86_64, r-oldrel-osx-x86_64