CRAN Package Check Results for Package metagear

Last updated on 2018-05-28 06:46:46 CEST.

Flavor Version Tinstall Tcheck Ttotal Status Flags
r-devel-linux-x86_64-debian-clang 0.4 11.64 129.14 140.78 OK
r-devel-linux-x86_64-debian-gcc 0.4 12.34 114.31 126.65 OK
r-devel-linux-x86_64-fedora-clang 0.4 194.55 OK
r-devel-linux-x86_64-fedora-gcc 0.4 186.56 OK
r-devel-windows-ix86+x86_64 0.4 20.00 142.00 162.00 OK
r-patched-linux-x86_64 0.4 12.23 122.35 134.58 NOTE
r-patched-solaris-x86 0.4 245.60 OK
r-release-linux-x86_64 0.4 13.03 123.21 136.24 NOTE
r-release-windows-ix86+x86_64 0.4 26.00 155.00 181.00 OK
r-release-osx-x86_64 0.4 ERROR
r-oldrel-windows-ix86+x86_64 0.4 24.00 116.00 140.00 OK
r-oldrel-osx-x86_64 0.4 ERROR

Check Details

Version: 0.4
Check: DESCRIPTION meta-information
Result: NOTE
    Dependence on R version ‘3.3.2’ not with patchlevel 0
Flavors: r-patched-linux-x86_64, r-release-linux-x86_64

Version: 0.4
Check: package dependencies
Result: ERROR
    Package required but not available: ‘gWidgetsRGtk2’
    
    See section ‘The DESCRIPTION file’ in the ‘Writing R Extensions’
    manual.
Flavors: r-release-osx-x86_64, r-oldrel-osx-x86_64