CRAN Package Check Results for Package metamicrobiomeR

Last updated on 2022-10-07 16:49:47 CEST.

Flavor Version Tinstall Tcheck Ttotal Status Flags
r-devel-linux-x86_64-debian-clang 1.2 15.54 213.09 228.63 OK
r-devel-linux-x86_64-debian-gcc 1.2 12.73 152.57 165.30 OK
r-devel-linux-x86_64-fedora-clang 1.2 293.59 NOTE
r-devel-linux-x86_64-fedora-gcc 1.2 283.64 NOTE
r-devel-windows-x86_64 1.2 73.00 226.00 299.00 OK
r-patched-linux-x86_64 1.2 13.63 195.82 209.45 OK
r-release-linux-x86_64 1.2 13.31 199.92 213.23 OK
r-release-macos-arm64 1.2 72.00 NOTE
r-release-macos-x86_64 1.2 120.00 NOTE
r-release-windows-x86_64 1.2 77.00 224.00 301.00 OK
r-oldrel-macos-arm64 1.2 94.00 NOTE
r-oldrel-macos-x86_64 1.2 137.00 NOTE
r-oldrel-windows-ix86+x86_64 1.2 35.00 229.00 264.00 OK

Check Details

Version: 1.2
Check: dependencies in R code
Result: NOTE
    Namespace in Imports field not imported from: ‘lmerTest’
     All declared Imports should be used.
Flavors: r-devel-linux-x86_64-fedora-clang, r-devel-linux-x86_64-fedora-gcc, r-release-macos-arm64, r-release-macos-x86_64, r-oldrel-macos-arm64, r-oldrel-macos-x86_64