Last updated on 2021-04-16 23:48:09 CEST.
Flavor | Version | Tinstall | Tcheck | Ttotal | Status | Flags |
---|---|---|---|---|---|---|
r-devel-linux-x86_64-debian-clang | 1.4 | 10.56 | 118.35 | 128.91 | OK | |
r-devel-linux-x86_64-debian-gcc | 1.4 | 8.91 | 91.81 | 100.72 | OK | |
r-devel-linux-x86_64-fedora-clang | 1.4 | 164.32 | OK | |||
r-devel-linux-x86_64-fedora-gcc | 1.4 | 153.00 | OK | |||
r-devel-windows-ix86+x86_64 | 1.4 | 25.00 | 4.00 | 29.00 | ERROR | |
r-devel-windows-x86_64-gcc10-UCRT | 1.4 | OK | ||||
r-patched-linux-x86_64 | 1.4 | 10.38 | 111.89 | 122.27 | OK | |
r-patched-solaris-x86 | 1.4 | 235.60 | OK | |||
r-release-linux-x86_64 | 1.4 | 9.74 | 112.17 | 121.91 | OK | |
r-release-macos-x86_64 | 1.4 | OK | ||||
r-release-windows-ix86+x86_64 | 1.4 | 31.00 | 145.00 | 176.00 | OK | |
r-oldrel-macos-x86_64 | 1.4 | OK | ||||
r-oldrel-windows-ix86+x86_64 | 1.4 | 15.00 | 138.00 | 153.00 | OK |
Version: 1.4
Check: whether package can be installed
Result: ERROR
Installation failed.
Flavor: r-devel-windows-ix86+x86_64