CRAN Package Check Results for Package metapack

Last updated on 2022-07-03 03:50:00 CEST.

Flavor Version Tinstall Tcheck Ttotal Status Flags
r-devel-linux-x86_64-debian-clang 0.2.0 488.13 81.25 569.38 OK
r-devel-linux-x86_64-debian-gcc 0.2.0 397.61 63.02 460.63 OK
r-devel-linux-x86_64-fedora-clang 0.2.0 892.90 NOTE
r-devel-linux-x86_64-fedora-gcc 0.2.0 759.85 OK
r-devel-windows-x86_64 0.2.0 324.00 138.00 462.00 OK
r-patched-linux-x86_64 0.2.0 419.72 81.11 500.83 OK
r-release-linux-x86_64 0.2.0 401.62 80.19 481.81 OK
r-release-macos-arm64 0.2.0 172.00 NOTE
r-release-macos-x86_64 0.2.0 219.00 NOTE
r-release-windows-x86_64 0.2.0 516.00 127.00 643.00 OK
r-oldrel-macos-arm64 0.2.0 171.00 NOTE
r-oldrel-macos-x86_64 0.2.0 224.00 NOTE
r-oldrel-windows-ix86+x86_64 0.2.0 1122.00 144.00 1266.00 NOTE

Check Details

Version: 0.2.0
Check: installed package size
Result: NOTE
     installed size is 19.6Mb
     sub-directories of 1Mb or more:
     libs 19.2Mb
Flavors: r-devel-linux-x86_64-fedora-clang, r-release-macos-arm64, r-release-macos-x86_64, r-oldrel-macos-arm64, r-oldrel-macos-x86_64, r-oldrel-windows-ix86+x86_64