Last updated on 2022-07-05 00:52:18 CEST.
Flavor | Version | Tinstall | Tcheck | Ttotal | Status | Flags |
---|---|---|---|---|---|---|
r-devel-linux-x86_64-debian-clang | 0.8.3 | 10.25 | 110.28 | 120.53 | NOTE | |
r-devel-linux-x86_64-debian-gcc | 0.8.3 | 8.41 | 80.76 | 89.17 | NOTE | |
r-devel-linux-x86_64-fedora-clang | 0.8.3 | 148.47 | NOTE | |||
r-devel-linux-x86_64-fedora-gcc | 0.8.3 | 144.89 | NOTE | |||
r-devel-windows-x86_64 | 0.8.3 | 15.00 | 126.00 | 141.00 | NOTE | |
r-patched-linux-x86_64 | 0.8.3 | 10.33 | 101.96 | 112.29 | NOTE | |
r-release-linux-x86_64 | 0.8.3 | 8.41 | 101.67 | 110.08 | NOTE | |
r-release-macos-arm64 | 0.8.3 | 39.00 | NOTE | |||
r-release-macos-x86_64 | 0.8.3 | 68.00 | NOTE | |||
r-release-windows-x86_64 | 0.8.3 | 53.00 | 128.00 | 181.00 | NOTE | |
r-oldrel-macos-arm64 | 0.8.3 | 43.00 | NOTE | |||
r-oldrel-macos-x86_64 | 0.8.3 | 76.00 | NOTE | |||
r-oldrel-windows-ix86+x86_64 | 0.8.3 | 22.00 | 130.00 | 152.00 | NOTE |
Version: 0.8.3
Check: LazyData
Result: NOTE
'LazyData' is specified without a 'data' directory
Flavors: r-devel-linux-x86_64-debian-clang, r-devel-linux-x86_64-debian-gcc, r-devel-linux-x86_64-fedora-clang, r-devel-linux-x86_64-fedora-gcc, r-devel-windows-x86_64, r-patched-linux-x86_64, r-release-linux-x86_64, r-release-macos-arm64, r-release-macos-x86_64, r-release-windows-x86_64, r-oldrel-macos-arm64, r-oldrel-macos-x86_64, r-oldrel-windows-ix86+x86_64