CRAN Package Check Results for Package meteoland

Last updated on 2022-12-09 22:55:56 CET.

Flavor Version Tinstall Tcheck Ttotal Status Flags
r-devel-linux-x86_64-debian-clang 1.0.3 113.62 187.72 301.34 OK
r-devel-linux-x86_64-debian-gcc 1.0.3 87.13 165.02 252.15 OK
r-devel-linux-x86_64-fedora-clang 1.0.3 430.50 NOTE
r-devel-linux-x86_64-fedora-gcc 1.0.3 380.79 NOTE
r-devel-windows-x86_64 1.0.3 218.00 334.00 552.00 OK
r-patched-linux-x86_64 1.0.3 101.54 174.60 276.14 OK
r-release-linux-x86_64 1.0.3 67.39 173.50 240.89 OK
r-release-macos-arm64 1.0.3 93.00 NOTE
r-release-macos-x86_64 1.0.3 125.00 NOTE
r-release-windows-x86_64 1.0.3 156.00 255.00 411.00 OK
r-oldrel-macos-arm64 1.0.3 90.00 NOTE
r-oldrel-macos-x86_64 1.0.3 123.00 NOTE
r-oldrel-windows-ix86+x86_64 1.0.3 253.00 298.00 551.00 OK

Check Details

Version: 1.0.3
Check: data for non-ASCII characters
Result: NOTE
     Note: found 2 marked UTF-8 strings
Flavors: r-devel-linux-x86_64-fedora-clang, r-devel-linux-x86_64-fedora-gcc, r-release-macos-arm64, r-release-macos-x86_64, r-oldrel-macos-arm64, r-oldrel-macos-x86_64

Version: 1.0.3
Check: installed package size
Result: NOTE
     installed size is 5.5Mb
     sub-directories of 1Mb or more:
     libs 3.3Mb
Flavors: r-release-macos-arm64, r-release-macos-x86_64, r-oldrel-macos-arm64, r-oldrel-macos-x86_64