CRAN Package Check Results for Package meteoland

Last updated on 2021-04-11 20:47:14 CEST.

Flavor Version Tinstall Tcheck Ttotal Status Flags
r-devel-linux-x86_64-debian-clang 0.9.7 121.28 255.35 376.63 OK
r-devel-linux-x86_64-debian-gcc 0.9.7 79.70 185.37 265.07 OK
r-devel-linux-x86_64-fedora-clang 0.9.7 480.40 NOTE
r-devel-linux-x86_64-fedora-gcc 0.9.7 440.50 OK
r-devel-windows-ix86+x86_64 0.9.7 263.00 304.00 567.00 NOTE
r-devel-windows-x86_64-gcc10-UCRT 0.9.7 OK
r-patched-linux-x86_64 0.9.7 102.00 226.42 328.42 OK
r-patched-solaris-x86 0.9.7 533.00 OK
r-release-linux-x86_64 0.9.7 96.69 225.90 322.59 OK
r-release-macos-x86_64 0.9.7 NOTE
r-release-windows-ix86+x86_64 0.9.7 194.00 409.00 603.00 NOTE
r-oldrel-macos-x86_64 0.9.7 NOTE
r-oldrel-windows-ix86+x86_64 0.9.7 240.00 275.00 515.00 OK

Check Details

Version: 0.9.7
Check: installed package size
Result: NOTE
     installed size is 6.5Mb
     sub-directories of 1Mb or more:
     R 1.1Mb
     libs 4.0Mb
Flavors: r-devel-linux-x86_64-fedora-clang, r-devel-windows-ix86+x86_64, r-release-macos-x86_64, r-release-windows-ix86+x86_64, r-oldrel-macos-x86_64