CRAN Package Check Results for Package meteorits

Last updated on 2022-05-17 04:50:37 CEST.

Flavor Version Tinstall Tcheck Ttotal Status Flags
r-devel-linux-x86_64-debian-clang 0.1.1 45.26 336.68 381.94 OK
r-devel-linux-x86_64-debian-gcc 0.1.1 41.85 172.70 214.55 OK
r-devel-linux-x86_64-fedora-clang 0.1.1 378.87 NOTE
r-devel-linux-x86_64-fedora-gcc 0.1.1 426.12 OK
r-devel-windows-x86_64 0.1.1 94.00 275.00 369.00 NOTE
r-patched-linux-x86_64 0.1.1 44.64 229.00 273.64 OK
r-release-linux-x86_64 0.1.1 47.24 349.65 396.89 OK
r-release-macos-arm64 0.1.1 93.00 NOTE
r-release-macos-x86_64 0.1.1 125.00 NOTE
r-release-windows-x86_64 0.1.1 114.00 301.00 415.00 NOTE
r-oldrel-macos-arm64 0.1.1 91.00 NOTE
r-oldrel-macos-x86_64 0.1.1 203.00 NOTE
r-oldrel-windows-ix86+x86_64 0.1.1 133.00 355.00 488.00 NOTE

Check Details

Version: 0.1.1
Check: installed package size
Result: NOTE
     installed size is 6.4Mb
     sub-directories of 1Mb or more:
     doc 2.3Mb
     help 2.0Mb
     libs 1.7Mb
Flavors: r-devel-linux-x86_64-fedora-clang, r-devel-windows-x86_64, r-release-macos-arm64, r-release-macos-x86_64, r-release-windows-x86_64, r-oldrel-macos-arm64, r-oldrel-macos-x86_64, r-oldrel-windows-ix86+x86_64