Last updated on 2022-06-30 12:55:15 CEST.
Flavor | Version | Tinstall | Tcheck | Ttotal | Status | Flags |
---|---|---|---|---|---|---|
r-devel-linux-x86_64-debian-clang | 1.14 | 131.31 | 197.13 | 328.44 | OK | |
r-devel-linux-x86_64-debian-gcc | 1.14 | 113.55 | 142.61 | 256.16 | OK | |
r-devel-linux-x86_64-fedora-clang | 1.14 | 443.56 | NOTE | |||
r-devel-linux-x86_64-fedora-gcc | 1.14 | 419.02 | OK | |||
r-devel-windows-x86_64 | 1.14 | 131.00 | 240.00 | 371.00 | OK | |
r-patched-linux-x86_64 | 1.14 | 118.48 | 186.47 | 304.95 | OK | |
r-release-linux-x86_64 | 1.14 | 103.18 | 187.34 | 290.52 | OK | |
r-release-macos-arm64 | 1.14 | 101.00 | NOTE | |||
r-release-macos-x86_64 | 1.14 | 138.00 | NOTE | |||
r-release-windows-x86_64 | 1.14 | 155.00 | 243.00 | 398.00 | OK | |
r-oldrel-macos-arm64 | 1.14 | 100.00 | NOTE | |||
r-oldrel-macos-x86_64 | 1.14 | 135.00 | NOTE | |||
r-oldrel-windows-ix86+x86_64 | 1.14 | 276.00 | 259.00 | 535.00 | OK |
Version: 1.14
Check: installed package size
Result: NOTE
installed size is 6.9Mb
sub-directories of 1Mb or more:
libs 5.0Mb
Flavors: r-devel-linux-x86_64-fedora-clang, r-release-macos-arm64, r-release-macos-x86_64, r-oldrel-macos-arm64, r-oldrel-macos-x86_64
Version: 1.14
Check: Rd cross-references
Result: NOTE
Undeclared packages ‘hoa’, ‘evir’ in Rd xrefs
Flavor: r-devel-linux-x86_64-fedora-clang