Last updated on 2023-06-08 15:58:46 CEST.
Flavor | Version | Tinstall | Tcheck | Ttotal | Status | Flags |
---|---|---|---|---|---|---|
r-devel-linux-x86_64-debian-clang | 1.15 | 137.98 | 212.49 | 350.47 | OK | |
r-devel-linux-x86_64-debian-gcc | 1.15 | 110.91 | 158.22 | 269.13 | OK | |
r-devel-linux-x86_64-fedora-clang | 1.15 | 489.28 | OK | |||
r-devel-linux-x86_64-fedora-gcc | 1.15 | 493.31 | OK | |||
r-devel-windows-x86_64 | 1.15 | 103.00 | 203.00 | 306.00 | OK | |
r-patched-linux-x86_64 | 1.15 | 128.54 | 203.92 | 332.46 | OK | |
r-release-linux-x86_64 | 1.15 | 125.98 | 205.38 | 331.36 | OK | |
r-release-macos-arm64 | 1.15 | 110.00 | NOTE | |||
r-release-macos-x86_64 | 1.15 | 259.00 | NOTE | |||
r-release-windows-x86_64 | 1.15 | 138.00 | 252.00 | 390.00 | OK | |
r-oldrel-macos-arm64 | 1.15 | 117.00 | ERROR | |||
r-oldrel-macos-x86_64 | 1.15 | 133.00 | ERROR | |||
r-oldrel-windows-x86_64 | 1.15 | 134.00 | 226.00 | 360.00 | OK |
Version: 1.15
Check: installed package size
Result: NOTE
installed size is 8.9Mb
sub-directories of 1Mb or more:
libs 6.9Mb
Flavors: r-release-macos-arm64, r-release-macos-x86_64, r-oldrel-macos-arm64, r-oldrel-macos-x86_64
Version: 1.15
Check: PDF version of manual
Result: WARN
LaTeX errors when creating PDF version.
This typically indicates Rd problems.
LaTeX errors found:
! Misplaced alignment tab character &.
<argument> \left (\begin {matrix} \cos (\rho ) &
\sin (\rho ) \\ - \sigma \s...
l.457 ... \sigma\cos(\rho) \end{matrix} \right)}{}
! Misplaced alignment tab character &.
<argument> ...n (\rho ) \\ - \sigma \sin (\rho ) &
\sigma \cos (\rho ) \end ...
l.457 ... \sigma\cos(\rho) \end{matrix} \right)}{}
Flavors: r-oldrel-macos-arm64, r-oldrel-macos-x86_64
Version: 1.15
Check: PDF version of manual without index
Result: ERROR
Flavors: r-oldrel-macos-arm64, r-oldrel-macos-x86_64