CRAN Package Check Results for Package mev

Last updated on 2024-02-28 21:49:51 CET.

Flavor Version Tinstall Tcheck Ttotal Status Flags
r-devel-linux-x86_64-debian-clang 1.16 144.41 226.19 370.60 OK
r-devel-linux-x86_64-debian-gcc 1.16 118.48 159.66 278.14 OK
r-devel-linux-x86_64-fedora-clang 1.16 475.95 NOTE
r-devel-linux-x86_64-fedora-gcc 1.16 521.30 NOTE
r-devel-windows-x86_64 1.16 109.00 209.00 318.00 OK
r-patched-linux-x86_64 1.16 141.04 211.65 352.69 OK
r-release-linux-x86_64 1.16 128.91 214.07 342.98 OK
r-release-macos-arm64 1.16 116.00 NOTE
r-release-macos-x86_64 1.16 292.00 NOTE
r-release-windows-x86_64 1.16 144.00 261.00 405.00 OK
r-oldrel-macos-arm64 1.16 95.00 NOTE
r-oldrel-windows-x86_64 1.16 136.00 231.00 367.00 OK

Check Details

Version: 1.16
Check: data for non-ASCII characters
Result: NOTE Note: found 6 marked UTF-8 strings Flavors: r-devel-linux-x86_64-fedora-clang, r-devel-linux-x86_64-fedora-gcc

Version: 1.16
Check: installed package size
Result: NOTE installed size is 9.5Mb sub-directories of 1Mb or more: data 1.1Mb libs 6.5Mb Flavors: r-release-macos-arm64, r-release-macos-x86_64, r-oldrel-macos-arm64