Last updated on 2022-05-20 01:51:09 CEST.
Flavor | Version | Tinstall | Tcheck | Ttotal | Status | Flags |
---|---|---|---|---|---|---|
r-devel-linux-x86_64-debian-clang | 0.5.6 | 555.64 | 153.84 | 709.48 | NOTE | |
r-devel-linux-x86_64-debian-gcc | 0.5.6 | 443.73 | 109.33 | 553.06 | NOTE | |
r-devel-linux-x86_64-fedora-clang | 0.5.6 | 1039.34 | NOTE | |||
r-devel-linux-x86_64-fedora-gcc | 0.5.6 | 905.16 | NOTE | |||
r-devel-windows-x86_64 | 0.5.6 | 369.00 | 204.00 | 573.00 | NOTE | |
r-patched-linux-x86_64 | 0.5.6 | 451.26 | 138.31 | 589.57 | NOTE | |
r-release-linux-x86_64 | 0.5.6 | 454.61 | 139.47 | 594.08 | NOTE | |
r-release-macos-arm64 | 0.5.6 | 221.00 | NOTE | |||
r-release-macos-x86_64 | 0.5.6 | 357.00 | NOTE | |||
r-release-windows-x86_64 | 0.5.6 | 372.00 | 206.00 | 578.00 | NOTE | |
r-oldrel-macos-arm64 | 0.5.6 | 244.00 | NOTE | |||
r-oldrel-macos-x86_64 | 0.5.6 | 324.00 | NOTE | |||
r-oldrel-windows-ix86+x86_64 | 0.5.6 | 1271.00 | 210.00 | 1481.00 | NOTE |
Version: 0.5.6
Check: for GNU extensions in Makefiles
Result: NOTE
GNU make is a SystemRequirements.
Flavors: r-devel-linux-x86_64-debian-clang, r-devel-linux-x86_64-debian-gcc, r-devel-linux-x86_64-fedora-clang, r-devel-linux-x86_64-fedora-gcc, r-devel-windows-x86_64, r-patched-linux-x86_64, r-release-linux-x86_64, r-release-macos-arm64, r-release-macos-x86_64, r-release-windows-x86_64, r-oldrel-macos-arm64, r-oldrel-macos-x86_64, r-oldrel-windows-ix86+x86_64
Version: 0.5.6
Check: installed package size
Result: NOTE
installed size is 18.0Mb
sub-directories of 1Mb or more:
libs 17.0Mb
Flavors: r-devel-linux-x86_64-fedora-clang, r-release-macos-arm64, r-release-macos-x86_64, r-oldrel-macos-arm64, r-oldrel-macos-x86_64, r-oldrel-windows-ix86+x86_64