CRAN Package Check Results for Package mfe

Last updated on 2018-05-21 21:48:05 CEST.

Flavor Version Tinstall Tcheck Ttotal Status Flags
r-devel-linux-x86_64-debian-clang 0.1.0 2.05 62.67 64.72 OK
r-devel-linux-x86_64-debian-gcc 0.1.0 1.34 54.24 55.58 OK
r-devel-linux-x86_64-fedora-clang 0.1.0 86.29 OK
r-devel-linux-x86_64-fedora-gcc 0.1.0 84.17 OK
r-devel-windows-ix86+x86_64 0.1.0 3.00 81.00 84.00 OK
r-patched-linux-x86_64 0.1.0 1.85 67.97 69.82 NOTE
r-patched-solaris-x86 0.1.0 108.60 OK
r-release-linux-x86_64 0.1.0 1.91 66.51 68.42 NOTE
r-release-windows-ix86+x86_64 0.1.0 5.00 103.00 108.00 OK
r-release-osx-x86_64 0.1.0 OK
r-oldrel-windows-ix86+x86_64 0.1.0 6.00 78.00 84.00 OK
r-oldrel-osx-x86_64 0.1.0 OK

Check Details

Version: 0.1.0
Check: DESCRIPTION meta-information
Result: NOTE
    Dependence on R version ‘3.3.1’ not with patchlevel 0
Flavors: r-patched-linux-x86_64, r-release-linux-x86_64