CRAN Package Check Results for Package mfe

Last updated on 2018-02-20 13:50:00 CET.

Flavor Version Tinstall Tcheck Ttotal Status Flags
r-devel-linux-x86_64-debian-clang 0.1.0 1.37 67.71 69.08 NOTE
r-devel-linux-x86_64-debian-gcc 0.1.0 1.48 51.57 53.05 NOTE
r-devel-linux-x86_64-fedora-clang 0.1.0 82.91 NOTE
r-devel-linux-x86_64-fedora-gcc 0.1.0 79.34 NOTE
r-devel-windows-ix86+x86_64 0.1.0 4.00 69.00 73.00 OK
r-patched-linux-x86_64 0.1.0 0.88 69.26 70.14 OK
r-patched-solaris-x86 0.1.0 103.10 OK
r-release-linux-x86_64 0.1.0 1.03 71.48 72.51 OK
r-release-windows-ix86+x86_64 0.1.0 4.00 101.00 105.00 OK
r-release-osx-x86_64 0.1.0 OK
r-oldrel-windows-ix86+x86_64 0.1.0 4.00 95.00 99.00 OK
r-oldrel-osx-x86_64 0.1.0 OK

Check Details

Version: 0.1.0
Check: DESCRIPTION meta-information
Result: NOTE
    Dependence on R version ‘3.3.1’ not with patchlevel 0
Flavors: r-devel-linux-x86_64-debian-clang, r-devel-linux-x86_64-debian-gcc, r-devel-linux-x86_64-fedora-clang, r-devel-linux-x86_64-fedora-gcc