CRAN Package Check Results for Package mglR

Last updated on 2019-02-20 13:46:33 CET.

Flavor Version Tinstall Tcheck Ttotal Status Flags
r-devel-linux-x86_64-debian-clang 0.1.0 13.38 199.48 212.86 OK
r-devel-linux-x86_64-debian-gcc 0.1.0 10.51 160.51 171.02 OK
r-devel-linux-x86_64-fedora-clang 0.1.0 255.39 OK
r-devel-linux-x86_64-fedora-gcc 0.1.0 242.12 OK
r-devel-windows-ix86+x86_64 0.1.0 28.00 355.00 383.00 OK
r-patched-linux-x86_64 0.1.0 OK
r-patched-solaris-x86 0.1.0 368.50 OK
r-release-linux-x86_64 0.1.0 OK
r-release-windows-ix86+x86_64 0.1.0 18.00 278.00 296.00 OK
r-release-osx-x86_64 0.1.0 NOTE
r-oldrel-windows-ix86+x86_64 0.1.0 24.00 218.00 242.00 OK
r-oldrel-osx-x86_64 0.1.0 NOTE

Check Details

Version: 0.1.0
Check: package dependencies
Result: NOTE
    Package suggested but not available for checking: ‘grasp2db’
Flavors: r-release-osx-x86_64, r-oldrel-osx-x86_64