CRAN Package Check Results for Package mglR

Last updated on 2018-08-21 21:51:10 CEST.

Flavor Version Tinstall Tcheck Ttotal Status Flags
r-devel-linux-x86_64-debian-clang 0.1.0 15.00 222.33 237.33 OK
r-devel-linux-x86_64-debian-gcc 0.1.0 11.99 180.96 192.95 OK
r-devel-linux-x86_64-fedora-clang 0.1.0 275.32 OK
r-devel-linux-x86_64-fedora-gcc 0.1.0 275.04 OK
r-devel-windows-ix86+x86_64 0.1.0 33.00 301.00 334.00 OK
r-patched-linux-x86_64 0.1.0 10.74 192.28 203.02 OK
r-patched-solaris-x86 0.1.0 361.30 OK
r-release-linux-x86_64 0.1.0 10.39 193.03 203.42 OK
r-release-windows-ix86+x86_64 0.1.0 29.00 196.00 225.00 OK
r-release-osx-x86_64 0.1.0 NOTE
r-oldrel-windows-ix86+x86_64 0.1.0 16.00 288.00 304.00 OK
r-oldrel-osx-x86_64 0.1.0 NOTE

Check Details

Version: 0.1.0
Check: package dependencies
Result: NOTE
    Package suggested but not available for checking: ‘grasp2db’
Flavors: r-release-osx-x86_64, r-oldrel-osx-x86_64