CRAN Package Check Results for Package mglR

Last updated on 2018-02-24 06:47:32 CET.

Flavor Version Tinstall Tcheck Ttotal Status Flags
r-devel-linux-x86_64-debian-clang 0.1.0 11.09 185.53 196.62 OK
r-devel-linux-x86_64-debian-gcc 0.1.0 8.89 159.73 168.62 OK
r-devel-windows-ix86+x86_64 0.1.0 23.00 261.00 284.00 OK
r-patched-linux-x86_64 0.1.0 7.29 199.89 207.18 OK
r-patched-solaris-x86 0.1.0 314.00 NOTE
r-release-linux-x86_64 0.1.0 6.29 193.41 199.70 OK
r-release-windows-ix86+x86_64 0.1.0 23.00 266.00 289.00 OK
r-release-osx-x86_64 0.1.0 ERROR
r-oldrel-windows-ix86+x86_64 0.1.0 3.00 5.00 8.00 OK
r-oldrel-osx-x86_64 0.1.0 NOTE

Check Details

Version: 0.1.0
Check: package dependencies
Result: NOTE
    Package suggested but not available for checking: ‘grasp2db’
Flavors: r-patched-solaris-x86, r-oldrel-osx-x86_64

Version: 0.1.0
Check: package dependencies
Result: ERROR
    Package required but not available: ‘biomaRt’
    
    Package suggested but not available for checking: ‘grasp2db’
    
    See section ‘The DESCRIPTION file’ in the ‘Writing R Extensions’
    manual.
Flavor: r-release-osx-x86_64