CRAN Package Check Results for Package mglR

Last updated on 2018-05-23 04:48:42 CEST.

Flavor Version Tinstall Tcheck Ttotal Status Flags
r-devel-linux-x86_64-debian-clang 0.1.0 12.56 217.33 229.89 OK
r-devel-linux-x86_64-debian-gcc 0.1.0 9.22 171.50 180.72 OK
r-devel-linux-x86_64-fedora-clang 0.1.0 261.89 OK
r-devel-linux-x86_64-fedora-gcc 0.1.0 257.31 OK
r-devel-windows-ix86+x86_64 0.1.0 21.00 295.00 316.00 OK
r-patched-linux-x86_64 0.1.0 13.57 186.37 199.94 OK
r-patched-solaris-x86 0.1.0 340.20 OK
r-release-linux-x86_64 0.1.0 10.41 188.94 199.35 OK
r-release-windows-ix86+x86_64 0.1.0 27.00 269.00 296.00 OK
r-release-osx-x86_64 0.1.0 NOTE
r-oldrel-windows-ix86+x86_64 0.1.0 22.00 273.00 295.00 OK
r-oldrel-osx-x86_64 0.1.0 NOTE

Check Details

Version: 0.1.0
Check: package dependencies
Result: NOTE
    Package suggested but not available for checking: ‘grasp2db’
Flavors: r-release-osx-x86_64, r-oldrel-osx-x86_64