CRAN Package Check Results for Package mglR

Last updated on 2018-11-20 19:47:49 CET.

Flavor Version Tinstall Tcheck Ttotal Status Flags
r-devel-linux-x86_64-debian-clang 0.1.0 12.58 195.62 208.20 OK
r-devel-linux-x86_64-debian-gcc 0.1.0 10.43 161.62 172.05 OK
r-devel-linux-x86_64-fedora-clang 0.1.0 241.00 OK
r-devel-linux-x86_64-fedora-gcc 0.1.0 240.50 OK
r-devel-windows-ix86+x86_64 0.1.0 31.00 254.00 285.00 OK
r-patched-linux-x86_64 0.1.0 11.69 194.34 206.03 OK
r-patched-solaris-x86 0.1.0 362.40 OK
r-release-linux-x86_64 0.1.0 9.81 193.37 203.18 OK
r-release-windows-ix86+x86_64 0.1.0 21.00 272.00 293.00 OK
r-release-osx-x86_64 0.1.0 NOTE
r-oldrel-windows-ix86+x86_64 0.1.0 16.00 277.00 293.00 OK
r-oldrel-osx-x86_64 0.1.0 NOTE

Check Details

Version: 0.1.0
Check: package dependencies
Result: NOTE
    Package suggested but not available for checking: ‘grasp2db’
Flavors: r-release-osx-x86_64, r-oldrel-osx-x86_64