CRAN Package Check Results for Package mgm

Last updated on 2018-08-16 16:52:37 CEST.

Flavor Version Tinstall Tcheck Ttotal Status Flags
r-devel-linux-x86_64-debian-clang 1.2-4 14.77 132.76 147.53 OK
r-devel-linux-x86_64-debian-gcc 1.2-4 14.11 104.88 118.99 OK
r-devel-linux-x86_64-fedora-clang 1.2-4 170.48 OK
r-devel-linux-x86_64-fedora-gcc 1.2-4 164.66 OK
r-devel-windows-ix86+x86_64 1.2-4 36.00 189.00 225.00 OK
r-patched-linux-x86_64 1.2-4 11.70 111.95 123.65 OK
r-patched-solaris-x86 1.2-4 231.60 OK
r-release-linux-x86_64 1.2-4 12.38 111.44 123.82 OK
r-release-windows-ix86+x86_64 1.2-4 21.00 167.00 188.00 WARN
r-release-osx-x86_64 1.2-4 OK
r-oldrel-windows-ix86+x86_64 1.2-4 27.00 167.00 194.00 WARN
r-oldrel-osx-x86_64 1.2-4 OK

Check Details

Version: 1.2-4
Check: whether package can be installed
Result: WARN
    Found the following significant warnings:
     Warning: S3 methods '[.fun_list', '[.grouped_df', 'all.equal.tbl_df', 'anti_join.data.frame', 'anti_join.tbl_df', 'arrange.data.frame', 'arrange.default', 'arrange.grouped_df', 'arrange.tbl_df', 'arrange_.data.frame', 'arrange_.tbl_df', 'as.data.frame.grouped_df', 'as.data.frame.rowwise_df', 'as.data.frame.tbl_cube', 'as.data.frame.tbl_df', 'as.table.tbl_cube', 'as.tbl.data.frame', 'as.tbl.tbl', 'as.tbl_cube.array', 'as.tbl_cube.data.frame', 'as.tbl_cube.matrix', 'as.tbl_cube.table', 'as_data_frame.grouped_df', 'as_data_frame.tbl_cube', 'auto_copy.tbl_cube', 'auto_copy.tbl_df', 'cbind.grouped_df', 'collapse.data.frame', 'collect.data.frame', 'common_by.NULL', 'common_by.character', 'common_by.default', 'common_by.list', 'compute.data.frame', 'copy_to.DBIConnection', 'copy_to.src_local', 'default_missing.data.frame', 'default_missing.default', 'dim.tbl_cube', 'distinct.data.frame', 'distinct.default', 'distinct.grouped_df', 'distinct.tbl_df', 'distinct_.data.frame', 'distinct_.grouped_df', 'dist [... truncated]
Flavors: r-release-windows-ix86+x86_64, r-oldrel-windows-ix86+x86_64