Last updated on 2022-05-26 18:49:07 CEST.
Flavor | Version | Tinstall | Tcheck | Ttotal | Status | Flags |
---|---|---|---|---|---|---|
r-devel-linux-x86_64-debian-clang | 0.1.2 | 53.19 | 123.77 | 176.96 | NOTE | |
r-devel-linux-x86_64-debian-gcc | 0.1.2 | 47.03 | 102.52 | 149.55 | NOTE | |
r-devel-linux-x86_64-fedora-clang | 0.1.2 | 236.35 | NOTE | |||
r-devel-linux-x86_64-fedora-gcc | 0.1.2 | 211.84 | NOTE | |||
r-devel-windows-x86_64 | 0.1.2 | 48.00 | 149.00 | 197.00 | NOTE | |
r-patched-linux-x86_64 | 0.1.2 | 52.18 | 116.31 | 168.49 | NOTE | |
r-release-linux-x86_64 | 0.1.2 | 46.36 | 117.71 | 164.07 | NOTE | |
r-release-macos-arm64 | 0.1.2 | 94.00 | NOTE | |||
r-release-macos-x86_64 | 0.1.2 | 143.00 | NOTE | |||
r-release-windows-x86_64 | 0.1.2 | 48.00 | 145.00 | 193.00 | NOTE | |
r-oldrel-macos-arm64 | 0.1.2 | 138.00 | NOTE | |||
r-oldrel-macos-x86_64 | 0.1.2 | 132.00 | NOTE | |||
r-oldrel-windows-ix86+x86_64 | 0.1.2 | 130.00 | 187.00 | 317.00 | NOTE |
Version: 0.1.2
Check: LazyData
Result: NOTE
'LazyData' is specified without a 'data' directory
Flavors: r-devel-linux-x86_64-debian-clang, r-devel-linux-x86_64-debian-gcc, r-devel-linux-x86_64-fedora-clang, r-devel-linux-x86_64-fedora-gcc, r-devel-windows-x86_64, r-patched-linux-x86_64, r-release-linux-x86_64, r-release-macos-arm64, r-release-macos-x86_64, r-release-windows-x86_64, r-oldrel-macos-arm64, r-oldrel-macos-x86_64, r-oldrel-windows-ix86+x86_64