CRAN Package Check Results for Package mhsmm

Last updated on 2019-12-08 23:47:28 CET.

Flavor Version Tinstall Tcheck Ttotal Status Flags
r-devel-linux-x86_64-debian-clang 0.4.16 5.41 48.72 54.13 OK
r-devel-linux-x86_64-debian-gcc 0.4.16 4.08 37.32 41.40 OK
r-devel-linux-x86_64-fedora-clang 0.4.16 66.53 NOTE
r-devel-linux-x86_64-fedora-gcc 0.4.16 61.76 NOTE
r-devel-windows-ix86+x86_64 0.4.16 13.00 98.00 111.00 OK
r-devel-windows-ix86+x86_64-gcc8 0.4.16 11.00 106.00 117.00 OK
r-patched-linux-x86_64 0.4.16 3.98 43.61 47.59 OK
r-patched-solaris-x86 0.4.16 86.00 OK
r-release-linux-x86_64 0.4.16 4.29 44.32 48.61 OK
r-release-windows-ix86+x86_64 0.4.16 11.00 81.00 92.00 OK
r-release-osx-x86_64 0.4.16 OK
r-oldrel-windows-ix86+x86_64 0.4.16 10.00 64.00 74.00 OK
r-oldrel-osx-x86_64 0.4.16 OK

Check Details

Version: 0.4.16
Check: compiled code
Result: NOTE
    File ‘mhsmm/libs/mhsmm.so’:
     Found no calls to: ‘R_registerRoutines’, ‘R_useDynamicSymbols’
    
    It is good practice to register native routines and to disable symbol
    search.
    
    See ‘Writing portable packages’ in the ‘Writing R Extensions’ manual.
Flavors: r-devel-linux-x86_64-fedora-clang, r-devel-linux-x86_64-fedora-gcc