CRAN Package Check Results for Package mhsmm

Last updated on 2020-07-05 15:50:43 CEST.

Flavor Version Tinstall Tcheck Ttotal Status Flags
r-devel-linux-x86_64-debian-clang 0.4.16 5.86 49.51 55.37 OK
r-devel-linux-x86_64-debian-gcc 0.4.16 4.13 37.22 41.35 OK
r-devel-linux-x86_64-fedora-clang 0.4.16 75.06 NOTE
r-devel-linux-x86_64-fedora-gcc 0.4.16 63.89 NOTE
r-devel-windows-ix86+x86_64 0.4.16 19.00 70.00 89.00 OK
r-patched-linux-x86_64 0.4.16 5.06 48.02 53.08 OK
r-patched-solaris-x86 0.4.16 91.20 OK
r-release-linux-x86_64 0.4.16 5.48 48.85 54.33 OK
r-release-osx-x86_64 0.4.16 OK
r-release-windows-ix86+x86_64 0.4.16 14.00 96.00 110.00 OK
r-oldrel-osx-x86_64 0.4.16 OK
r-oldrel-windows-ix86+x86_64 0.4.16 15.00 80.00 95.00 OK

Check Details

Version: 0.4.16
Check: compiled code
Result: NOTE
    File ‘mhsmm/libs/mhsmm.so’:
     Found no calls to: ‘R_registerRoutines’, ‘R_useDynamicSymbols’
    
    It is good practice to register native routines and to disable symbol
    search.
    
    See ‘Writing portable packages’ in the ‘Writing R Extensions’ manual.
Flavors: r-devel-linux-x86_64-fedora-clang, r-devel-linux-x86_64-fedora-gcc