CRAN Package Check Results for Package mi4p

Last updated on 2022-12-05 20:53:13 CET.

Flavor Version Tinstall Tcheck Ttotal Status Flags
r-devel-linux-x86_64-debian-clang 1.0 4.14 63.02 67.16 NOTE
r-devel-linux-x86_64-debian-gcc 1.0 3.25 49.85 53.10 NOTE
r-devel-linux-x86_64-fedora-clang 1.0 94.94 NOTE
r-devel-linux-x86_64-fedora-gcc 1.0 107.89 NOTE
r-devel-windows-x86_64 1.0 20.00 101.00 121.00 OK
r-patched-linux-x86_64 1.0 2.79 60.05 62.84 NOTE
r-release-linux-x86_64 1.0 4.03 63.24 67.27 NOTE
r-release-macos-arm64 1.0 37.00 NOTE
r-release-macos-x86_64 1.0 51.00 NOTE
r-release-windows-x86_64 1.0 25.00 105.00 130.00 OK
r-oldrel-macos-arm64 1.0 29.00 NOTE
r-oldrel-macos-x86_64 1.0 49.00 NOTE
r-oldrel-windows-ix86+x86_64 1.0 12.00 91.00 103.00 OK

Check Details

Version: 1.0
Check: Rd cross-references
Result: NOTE
    Package unavailable to check Rd xrefs: 'DAPAR'
Flavors: r-devel-linux-x86_64-debian-clang, r-devel-linux-x86_64-debian-gcc, r-devel-linux-x86_64-fedora-gcc, r-patched-linux-x86_64, r-release-linux-x86_64, r-release-macos-arm64, r-release-macos-x86_64, r-oldrel-macos-arm64, r-oldrel-macos-x86_64

Version: 1.0
Check: package dependencies
Result: NOTE
    Package suggested but not available for checking: ‘ProteoMM’
Flavors: r-devel-linux-x86_64-fedora-clang, r-devel-linux-x86_64-fedora-gcc, r-release-macos-arm64, r-release-macos-x86_64, r-oldrel-macos-arm64, r-oldrel-macos-x86_64

Version: 1.0
Check: Rd cross-references
Result: NOTE
    Undeclared package ‘DAPAR’ in Rd xrefs
    Package unavailable to check Rd xrefs: ‘DAPAR’
Flavor: r-devel-linux-x86_64-fedora-clang