CRAN Package Check Results for Package miRtest

Last updated on 2019-09-17 23:47:17 CEST.

Flavor Version Tinstall Tcheck Ttotal Status Flags
r-devel-linux-x86_64-debian-clang 1.8 21.42 196.84 218.26 NOTE
r-devel-linux-x86_64-debian-gcc 1.8 21.18 152.40 173.58 NOTE
r-devel-linux-x86_64-fedora-clang 1.8 285.33 NOTE
r-devel-linux-x86_64-fedora-gcc 1.8 286.12 NOTE
r-devel-windows-ix86+x86_64 1.8 72.00 190.00 262.00 WARN
r-patched-linux-x86_64 1.8 18.94 187.33 206.27 NOTE
r-patched-solaris-x86 1.8 391.70 NOTE
r-release-linux-x86_64 1.8 20.27 188.80 209.07 NOTE
r-release-windows-ix86+x86_64 1.8 52.00 288.00 340.00 WARN
r-release-osx-x86_64 1.8 ERROR
r-oldrel-windows-ix86+x86_64 1.8 44.00 198.00 242.00 NOTE
r-oldrel-osx-x86_64 1.8 NOTE

Check Details

Version: 1.8
Check: DESCRIPTION meta-information
Result: NOTE
    Malformed Description field: should contain one or more complete sentences.
Flavors: r-devel-linux-x86_64-debian-clang, r-devel-linux-x86_64-debian-gcc, r-devel-linux-x86_64-fedora-clang, r-devel-linux-x86_64-fedora-gcc, r-devel-windows-ix86+x86_64, r-patched-linux-x86_64, r-patched-solaris-x86, r-release-linux-x86_64, r-release-windows-ix86+x86_64, r-oldrel-windows-ix86+x86_64, r-oldrel-osx-x86_64

Version: 1.8
Check: R code for possible problems
Result: NOTE
    fisher.combination: no visible global function definition for 'pchisq'
    gs.test: no visible global function definition for 'ks.test'
    gs.test: no visible global function definition for 'wilcox.test'
    gs.test: no visible global function definition for 'fisher.test'
    inverse.normal.combination: no visible global function definition for
     'qnorm'
    inverse.normal.combination: no visible global function definition for
     'pnorm'
    limma.one.sided: no visible global function definition for 'pt'
    Undefined global functions or variables:
     fisher.test ks.test pchisq pnorm pt qnorm wilcox.test
    Consider adding
     importFrom("stats", "fisher.test", "ks.test", "pchisq", "pnorm", "pt",
     "qnorm", "wilcox.test")
    to your NAMESPACE file.
Flavors: r-devel-linux-x86_64-debian-clang, r-devel-linux-x86_64-debian-gcc, r-devel-linux-x86_64-fedora-clang, r-devel-linux-x86_64-fedora-gcc, r-devel-windows-ix86+x86_64, r-patched-linux-x86_64, r-patched-solaris-x86, r-release-linux-x86_64, r-release-windows-ix86+x86_64, r-oldrel-windows-ix86+x86_64, r-oldrel-osx-x86_64

Version: 1.8
Check: whether package can be installed
Result: WARN
    Found the following significant warnings:
     Warning: namespace 'flexmix' is not available and has been replaced
     Warning: namespace 'modeltools' is not available and has been replaced
     Warning: namespace 'kernlab' is not available and has been replaced
     Warning: namespace 'robustbase' is not available and has been replaced
Flavors: r-devel-windows-ix86+x86_64, r-release-windows-ix86+x86_64

Version: 1.8
Check: package dependencies
Result: ERROR
    Packages required but not available: 'globaltest', 'GlobalAncova', 'limma'
    
    See section ‘The DESCRIPTION file’ in the ‘Writing R Extensions’
    manual.
Flavor: r-release-osx-x86_64