CRAN Package Check Results for Package miRtest

Last updated on 2020-02-20 21:47:33 CET.

Flavor Version Tinstall Tcheck Ttotal Status Flags
r-devel-linux-x86_64-debian-clang 1.8 23.48 229.56 253.04 NOTE
r-devel-linux-x86_64-debian-gcc 1.8 19.85 168.36 188.21 NOTE
r-devel-linux-x86_64-fedora-clang 1.8 328.73 NOTE
r-devel-linux-x86_64-fedora-gcc 1.8 322.81 NOTE
r-devel-windows-ix86+x86_64 1.8 48.00 208.00 256.00 NOTE
r-devel-windows-ix86+x86_64-gcc8 1.8 64.00 303.00 367.00 NOTE
r-patched-linux-x86_64 1.8 19.09 190.30 209.39 NOTE
r-patched-solaris-x86 1.8 401.00 NOTE
r-release-linux-x86_64 1.8 22.03 190.86 212.89 NOTE
r-release-windows-ix86+x86_64 1.8 47.00 206.00 253.00 NOTE
r-release-osx-x86_64 1.8 NOTE
r-oldrel-windows-ix86+x86_64 1.8 31.00 198.00 229.00 NOTE
r-oldrel-osx-x86_64 1.8 NOTE

Check Details

Version: 1.8
Check: DESCRIPTION meta-information
Result: NOTE
    Malformed Description field: should contain one or more complete sentences.
Flavors: r-devel-linux-x86_64-debian-clang, r-devel-linux-x86_64-debian-gcc, r-devel-linux-x86_64-fedora-clang, r-devel-linux-x86_64-fedora-gcc, r-devel-windows-ix86+x86_64, r-devel-windows-ix86+x86_64-gcc8, r-patched-linux-x86_64, r-patched-solaris-x86, r-release-linux-x86_64, r-release-windows-ix86+x86_64, r-release-osx-x86_64, r-oldrel-windows-ix86+x86_64, r-oldrel-osx-x86_64

Version: 1.8
Check: R code for possible problems
Result: NOTE
    fisher.combination: no visible global function definition for 'pchisq'
    gs.test: no visible global function definition for 'ks.test'
    gs.test: no visible global function definition for 'wilcox.test'
    gs.test: no visible global function definition for 'fisher.test'
    inverse.normal.combination: no visible global function definition for
     'qnorm'
    inverse.normal.combination: no visible global function definition for
     'pnorm'
    limma.one.sided: no visible global function definition for 'pt'
    Undefined global functions or variables:
     fisher.test ks.test pchisq pnorm pt qnorm wilcox.test
    Consider adding
     importFrom("stats", "fisher.test", "ks.test", "pchisq", "pnorm", "pt",
     "qnorm", "wilcox.test")
    to your NAMESPACE file.
Flavors: r-devel-linux-x86_64-debian-clang, r-devel-linux-x86_64-debian-gcc, r-devel-linux-x86_64-fedora-clang, r-devel-linux-x86_64-fedora-gcc, r-devel-windows-ix86+x86_64, r-devel-windows-ix86+x86_64-gcc8, r-patched-linux-x86_64, r-patched-solaris-x86, r-release-linux-x86_64, r-release-windows-ix86+x86_64, r-release-osx-x86_64, r-oldrel-windows-ix86+x86_64, r-oldrel-osx-x86_64