CRAN Package Check Results for Package miceFast

Last updated on 2022-08-12 03:53:31 CEST.

Flavor Version Tinstall Tcheck Ttotal Status Flags
r-devel-linux-x86_64-debian-clang 0.8.1 118.49 88.26 206.75 OK
r-devel-linux-x86_64-debian-gcc 0.8.1 101.63 62.40 164.03 OK
r-devel-linux-x86_64-fedora-clang 0.8.1 306.92 NOTE
r-devel-linux-x86_64-fedora-gcc 0.8.1 274.35 OK
r-devel-windows-x86_64 0.8.1 95.00 132.00 227.00 OK
r-patched-linux-x86_64 0.8.1 103.93 80.44 184.37 OK
r-release-linux-x86_64 0.8.1 98.98 80.09 179.07 OK
r-release-macos-arm64 0.8.1 65.00 NOTE
r-release-macos-x86_64 0.8.1 87.00 NOTE
r-release-windows-x86_64 0.8.1 96.00 139.00 235.00 OK
r-oldrel-macos-arm64 0.8.1 66.00 NOTE
r-oldrel-macos-x86_64 0.8.1 86.00 NOTE
r-oldrel-windows-ix86+x86_64 0.8.1 280.00 165.00 445.00 OK

Check Details

Version: 0.8.1
Check: installed package size
Result: NOTE
     installed size is 7.6Mb
     sub-directories of 1Mb or more:
     doc 1.0Mb
     libs 6.4Mb
Flavors: r-devel-linux-x86_64-fedora-clang, r-release-macos-arm64, r-release-macos-x86_64, r-oldrel-macos-arm64, r-oldrel-macos-x86_64