Last updated on 2021-01-17 09:48:40 CET.
Flavor | Version | Tinstall | Tcheck | Ttotal | Status | Flags |
---|---|---|---|---|---|---|
r-devel-linux-x86_64-debian-clang | 3.10-28 | 160.84 | 139.05 | 299.89 | OK | |
r-devel-linux-x86_64-debian-gcc | 3.10-28 | 100.62 | 102.43 | 203.05 | OK | |
r-devel-linux-x86_64-fedora-clang | 3.10-28 | 396.41 | NOTE | |||
r-devel-linux-x86_64-fedora-gcc | 3.10-28 | 373.27 | OK | |||
r-devel-windows-ix86+x86_64 | 3.10-28 | 264.00 | 188.00 | 452.00 | OK | |
r-patched-linux-x86_64 | 3.10-28 | 127.66 | 127.19 | 254.85 | OK | |
r-patched-solaris-x86 | 3.10-28 | 352.40 | OK | |||
r-release-linux-x86_64 | 3.10-28 | 129.78 | 126.65 | 256.43 | OK | |
r-release-macos-x86_64 | 3.10-28 | NOTE | ||||
r-release-windows-ix86+x86_64 | 3.10-28 | 283.00 | 189.00 | 472.00 | OK | |
r-oldrel-macos-x86_64 | 3.10-28 | NOTE | ||||
r-oldrel-windows-ix86+x86_64 | 3.10-28 | 313.00 | 209.00 | 522.00 | OK |
Version: 3.10-28
Check: installed package size
Result: NOTE
installed size is 8.1Mb
sub-directories of 1Mb or more:
libs 6.5Mb
Flavors: r-devel-linux-x86_64-fedora-clang, r-release-macos-x86_64, r-oldrel-macos-x86_64