CRAN Package Check Results for Package miceadds

Last updated on 2024-03-04 12:52:20 CET.

Flavor Version Tinstall Tcheck Ttotal Status Flags
r-devel-linux-x86_64-debian-clang 3.17-44 169.56 218.11 387.67 OK
r-devel-linux-x86_64-debian-gcc 3.17-44 137.40 161.47 298.87 OK
r-devel-linux-x86_64-fedora-clang 3.17-44 541.44 OK
r-devel-linux-x86_64-fedora-gcc 3.17-44 514.68 OK
r-devel-windows-x86_64 3.17-44 132.00 214.00 346.00 OK
r-patched-linux-x86_64 3.17-44 174.11 212.96 387.07 OK
r-release-linux-x86_64 3.17-44 151.79 212.52 364.31 OK
r-release-macos-arm64 3.17-44 113.00 NOTE
r-release-macos-x86_64 3.17-44 182.00 NOTE
r-release-windows-x86_64 3.17-44 180.00 273.00 453.00 OK
r-oldrel-macos-arm64 3.17-44 108.00 NOTE
r-oldrel-windows-x86_64 3.17-44 162.00 251.00 413.00 OK

Check Details

Version: 3.17-44
Check: installed package size
Result: NOTE installed size is 7.3Mb sub-directories of 1Mb or more: libs 5.6Mb Flavors: r-release-macos-arm64, r-release-macos-x86_64, r-oldrel-macos-arm64