CRAN Package Check Results for Package micemd

Last updated on 2022-12-03 08:56:03 CET.

Flavor Version Tinstall Tcheck Ttotal Status Flags
r-devel-linux-x86_64-debian-clang 1.8.0 17.61 125.69 143.30 NOTE
r-devel-linux-x86_64-debian-gcc 1.8.0 12.34 92.82 105.16 NOTE
r-devel-linux-x86_64-fedora-clang 1.8.0 182.93 NOTE
r-devel-linux-x86_64-fedora-gcc 1.8.0 180.04 NOTE
r-devel-windows-x86_64 1.8.0 26.00 157.00 183.00 NOTE
r-patched-linux-x86_64 1.8.0 22.06 115.42 137.48 OK
r-release-linux-x86_64 1.8.0 14.96 117.09 132.05 OK
r-release-macos-arm64 1.8.0 45.00 OK
r-release-macos-x86_64 1.8.0 77.00 OK
r-release-windows-x86_64 1.8.0 24.00 146.00 170.00 OK
r-oldrel-macos-arm64 1.8.0 47.00 OK
r-oldrel-macos-x86_64 1.8.0 58.00 OK
r-oldrel-windows-ix86+x86_64 1.8.0 33.00 136.00 169.00 OK

Check Details

Version: 1.8.0
Check: Rd files
Result: NOTE
    checkRd: (-1) IPDNa.Rd:42: Escaped LaTeX specials: \&
Flavors: r-devel-linux-x86_64-debian-clang, r-devel-linux-x86_64-debian-gcc, r-devel-linux-x86_64-fedora-clang, r-devel-linux-x86_64-fedora-gcc, r-devel-windows-x86_64