CRAN Package Check Results for Package microcontax

Last updated on 2022-07-05 19:55:21 CEST.

Flavor Version Tinstall Tcheck Ttotal Status Flags
r-devel-linux-x86_64-debian-clang 1.2 6.30 73.31 79.61 NOTE
r-devel-linux-x86_64-debian-gcc 1.2 4.57 55.01 59.58 NOTE
r-devel-linux-x86_64-fedora-clang 1.2 108.29 NOTE
r-devel-linux-x86_64-fedora-gcc 1.2 103.03 NOTE
r-devel-windows-x86_64 1.2 9.00 104.00 113.00 NOTE
r-patched-linux-x86_64 1.2 11.27 69.32 80.59 NOTE
r-release-linux-x86_64 1.2 5.42 69.38 74.80 NOTE
r-release-macos-arm64 1.2 40.00 NOTE
r-release-macos-x86_64 1.2 60.00 NOTE
r-release-windows-x86_64 1.2 30.00 106.00 136.00 NOTE
r-oldrel-macos-arm64 1.2 43.00 NOTE
r-oldrel-macos-x86_64 1.2 64.00 NOTE
r-oldrel-windows-ix86+x86_64 1.2 16.00 90.00 106.00 NOTE

Check Details

Version: 1.2
Check: package dependencies
Result: NOTE
    Package suggested but not available for checking: 'microcontax.data'
Flavors: r-devel-linux-x86_64-debian-clang, r-devel-linux-x86_64-debian-gcc, r-devel-linux-x86_64-fedora-clang, r-devel-linux-x86_64-fedora-gcc, r-devel-windows-x86_64, r-patched-linux-x86_64, r-release-linux-x86_64, r-release-macos-arm64, r-release-macos-x86_64, r-release-windows-x86_64, r-oldrel-macos-arm64, r-oldrel-macos-x86_64, r-oldrel-windows-ix86+x86_64

Version: 1.2
Check: Rd cross-references
Result: NOTE
    Package unavailable to check Rd xrefs: 'microcontax.data'
Flavors: r-devel-linux-x86_64-debian-clang, r-devel-linux-x86_64-debian-gcc, r-devel-linux-x86_64-fedora-clang, r-devel-linux-x86_64-fedora-gcc, r-devel-windows-x86_64, r-patched-linux-x86_64, r-release-linux-x86_64, r-release-macos-arm64, r-release-macos-x86_64, r-release-windows-x86_64, r-oldrel-macos-arm64, r-oldrel-macos-x86_64, r-oldrel-windows-ix86+x86_64