CRAN Package Check Results for Package microservices

Last updated on 2022-08-14 16:50:17 CEST.

Flavor Version Tinstall Tcheck Ttotal Status Flags
r-devel-linux-x86_64-debian-clang 0.1.2 2.58 32.66 35.24 NOTE
r-devel-linux-x86_64-debian-gcc 0.1.2 2.42 24.71 27.13 NOTE
r-devel-linux-x86_64-fedora-clang 0.1.2 52.76 NOTE
r-devel-linux-x86_64-fedora-gcc 0.1.2 53.75 NOTE
r-devel-windows-x86_64 0.1.2 71.00 57.00 128.00 OK
r-patched-linux-x86_64 0.1.2 3.04 30.32 33.36 OK
r-release-linux-x86_64 0.1.2 3.35 30.89 34.24 OK
r-release-macos-arm64 0.1.2 17.00 NOTE
r-release-macos-x86_64 0.1.2 30.00 NOTE
r-release-windows-x86_64 0.1.2 506.00 57.00 563.00 OK
r-oldrel-macos-arm64 0.1.2 23.00 NOTE
r-oldrel-macos-x86_64 0.1.2 26.00 NOTE
r-oldrel-windows-ix86+x86_64 0.1.2 8.00 49.00 57.00 OK

Check Details

Version: 0.1.2
Check: HTML version of manual
Result: NOTE
    Found the following HTML validation problems:
    add_service.html:59:1: Warning: inserting implicit <p>
    add_service.html:64:1: Warning: inserting implicit <p>
    add_service.html:73:65: Warning: inserting implicit <p>
    add_service.html:77:51: Warning: inserting implicit <p>
    add_service.html:59:1: Warning: trimming empty <p>
    add_service.html:64:1: Warning: trimming empty <p>
    add_service.html:73:65: Warning: trimming empty <p>
    add_service.html:77:51: Warning: trimming empty <p>
    use_microservice.html:58:65: Warning: inserting implicit <p>
    use_microservice.html:65:51: Warning: inserting implicit <p>
    use_microservice.html:187:1: Warning: inserting implicit <p>
    use_microservice.html:58:65: Warning: trimming empty <p>
    use_microservice.html:65:51: Warning: trimming empty <p>
    use_microservice.html:187:1: Warning: trimming empty <p>
Flavors: r-devel-linux-x86_64-debian-clang, r-devel-linux-x86_64-debian-gcc, r-devel-linux-x86_64-fedora-gcc

Version: 0.1.2
Check: dependencies in R code
Result: NOTE
    Namespaces in Imports field not imported from:
     ‘config’ ‘desc’ ‘dplyr’ ‘glue’ ‘withr’
     All declared Imports should be used.
Flavors: r-devel-linux-x86_64-fedora-clang, r-devel-linux-x86_64-fedora-gcc, r-release-macos-arm64, r-release-macos-x86_64, r-oldrel-macos-arm64, r-oldrel-macos-x86_64