CRAN Package Check Results for Package micss

Last updated on 2024-03-02 14:48:27 CET.

Flavor Version Tinstall Tcheck Ttotal Status Flags
r-devel-linux-x86_64-debian-clang 0.1.5 5.12 72.89 78.01 OK
r-devel-linux-x86_64-debian-gcc 0.1.5 3.25 55.66 58.91 OK
r-devel-linux-x86_64-fedora-clang 0.1.5 97.11 OK
r-devel-linux-x86_64-fedora-gcc 0.1.5 91.94 OK
r-devel-windows-x86_64 0.1.5 6.00 90.00 96.00 OK
r-patched-linux-x86_64 0.1.5 6.04 70.14 76.18 OK
r-release-linux-x86_64 0.1.5 4.33 71.10 75.43 OK
r-release-macos-arm64 0.1.5 40.00 OK
r-release-macos-x86_64 0.1.5 61.00 OK
r-release-windows-x86_64 0.1.5 7.00 95.00 102.00 OK
r-oldrel-macos-arm64 0.1.5 44.00 NOTE
r-oldrel-windows-x86_64 0.1.5 7.00 99.00 106.00 NOTE

Check Details

Version: 0.1.5
Check: S3 generic/method consistency
Result: NOTE Found the following apparent S3 methods exported but not registered: plot.icss print.icss print.micss See section ‘Registering S3 methods’ in the ‘Writing R Extensions’ manual. Flavors: r-oldrel-macos-arm64, r-oldrel-windows-x86_64