CRAN Package Check Results for Package miic

Last updated on 2019-01-23 08:49:11 CET.

Flavor Version Tinstall Tcheck Ttotal Status Flags
r-devel-linux-x86_64-debian-clang 1.0.3 37.69 32.23 69.92 OK
r-devel-linux-x86_64-debian-gcc 1.0.3 40.98 25.62 66.60 OK
r-devel-linux-x86_64-fedora-clang 1.0.3 108.25 NOTE
r-devel-linux-x86_64-fedora-gcc 1.0.3 98.12 NOTE
r-devel-windows-ix86+x86_64 1.0.3 102.00 71.00 173.00 OK
r-patched-linux-x86_64 1.0.3 48.85 30.43 79.28 OK
r-patched-solaris-x86 1.0.3 105.30 NOTE
r-release-linux-x86_64 1.0.3 48.91 30.32 79.23 OK
r-release-windows-ix86+x86_64 1.0.3 70.00 85.00 155.00 OK
r-release-osx-x86_64 1.0.3 NOTE
r-oldrel-windows-ix86+x86_64 1.0.3 84.00 74.00 158.00 OK
r-oldrel-osx-x86_64 1.0.3 NOTE

Additional issues

gcc-UBSAN

Check Details

Version: 1.0.3
Check: dependencies in R code
Result: NOTE
    Namespace in Imports field not imported from: ‘Rcpp’
     All declared Imports should be used.
Flavors: r-devel-linux-x86_64-fedora-clang, r-devel-linux-x86_64-fedora-gcc, r-patched-solaris-x86, r-release-osx-x86_64, r-oldrel-osx-x86_64