CRAN Package Check Results for Package miic

Last updated on 2018-05-26 16:47:52 CEST.

Flavor Version Tinstall Tcheck Ttotal Status Flags
r-devel-linux-x86_64-debian-clang 1.0.3 37.38 30.94 68.32 OK
r-devel-linux-x86_64-debian-gcc 1.0.3 33.26 24.80 58.06 OK
r-devel-linux-x86_64-fedora-clang 1.0.3 91.06 NOTE
r-devel-linux-x86_64-fedora-gcc 1.0.3 90.13 NOTE
r-devel-windows-ix86+x86_64 1.0.3 80.00 68.00 148.00 OK
r-patched-linux-x86_64 1.0.3 43.38 30.55 73.93 OK
r-patched-solaris-x86 1.0.3 102.30 NOTE
r-release-linux-x86_64 1.0.3 43.08 30.65 73.73 OK
r-release-windows-ix86+x86_64 1.0.3 113.00 67.00 180.00 OK
r-release-osx-x86_64 1.0.3 NOTE
r-oldrel-windows-ix86+x86_64 1.0.3 99.00 64.00 163.00 OK
r-oldrel-osx-x86_64 1.0.3 NOTE

Additional issues

gcc-UBSAN

Check Details

Version: 1.0.3
Check: dependencies in R code
Result: NOTE
    Namespace in Imports field not imported from: ‘Rcpp’
     All declared Imports should be used.
Flavors: r-devel-linux-x86_64-fedora-clang, r-devel-linux-x86_64-fedora-gcc, r-patched-solaris-x86, r-release-osx-x86_64, r-oldrel-osx-x86_64