Last updated on 2022-06-30 03:53:27 CEST.
Flavor | Version | Tinstall | Tcheck | Ttotal | Status | Flags |
---|---|---|---|---|---|---|
r-devel-linux-x86_64-debian-clang | 1.5.3 | 107.61 | 42.85 | 150.46 | OK | |
r-devel-linux-x86_64-debian-gcc | 1.5.3 | 83.97 | 32.55 | 116.52 | OK | |
r-devel-linux-x86_64-fedora-clang | 1.5.3 | 235.61 | OK | |||
r-devel-linux-x86_64-fedora-gcc | 1.5.3 | 196.88 | OK | |||
r-devel-windows-x86_64 | 1.5.3 | 91.00 | 84.00 | 175.00 | ERROR | |
r-patched-linux-x86_64 | 1.5.3 | 89.94 | 41.79 | 131.73 | OK | |
r-release-linux-x86_64 | 1.5.3 | 79.33 | 41.03 | 120.36 | OK | |
r-release-macos-arm64 | 1.5.3 | 54.00 | NOTE | |||
r-release-macos-x86_64 | 1.5.3 | 66.00 | NOTE | |||
r-release-windows-x86_64 | 1.5.3 | 92.00 | 90.00 | 182.00 | ERROR | |
r-oldrel-macos-arm64 | 1.5.3 | 60.00 | NOTE | |||
r-oldrel-macos-x86_64 | 1.5.3 | 96.00 | NOTE | |||
r-oldrel-windows-ix86+x86_64 | 1.5.3 | 246.00 | 93.00 | 339.00 | OK |
Version: 1.5.3
Check: examples
Result: ERROR
Running examples in 'miic-Ex.R' failed
The error most likely occurred in:
> ### Name: discretizeMutual
> ### Title: Iterative dynamic programming for (conditional) mutual
> ### information through optimized discretization.
> ### Aliases: discretizeMutual
>
> ### ** Examples
>
> library(miic)
> N <- 1000
> # Dependence, conditional independence : X <- Z -> Y
> Z <- runif(N)
> X <- Z * 2 + rnorm(N, sd = 0.2)
> Y <- Z * 2 + rnorm(N, sd = 0.2)
> res <- discretizeMutual(X, Y, plot = FALSE)
Flavors: r-devel-windows-x86_64, r-release-windows-x86_64
Version: 1.5.3
Check: installed package size
Result: NOTE
installed size is 6.3Mb
sub-directories of 1Mb or more:
libs 6.0Mb
Flavors: r-release-macos-arm64, r-release-macos-x86_64, r-oldrel-macos-arm64, r-oldrel-macos-x86_64