CRAN Package Check Results for Package miic

Last updated on 2018-02-18 22:47:42 CET.

Flavor Version Tinstall Tcheck Ttotal Status Flags
r-devel-linux-x86_64-debian-clang 1.0.3 33.66 30.78 64.44 OK
r-devel-linux-x86_64-debian-gcc 1.0.3 32.48 23.91 56.39 OK
r-devel-linux-x86_64-fedora-clang 1.0.3 92.84 NOTE
r-devel-linux-x86_64-fedora-gcc 1.0.3 87.97 NOTE
r-devel-windows-ix86+x86_64 1.0.3 74.00 60.00 134.00 OK
r-patched-linux-x86_64 1.0.3 34.14 31.22 65.36 OK
r-patched-solaris-x86 1.0.3 97.40 NOTE
r-release-linux-x86_64 1.0.3 37.00 32.34 69.34 OK
r-release-windows-ix86+x86_64 1.0.3 102.00 70.00 172.00 OK
r-release-osx-x86_64 1.0.3 NOTE
r-oldrel-windows-ix86+x86_64 1.0.3 75.00 69.00 144.00 OK
r-oldrel-osx-x86_64 1.0.1 NOTE

Additional issues

gcc-UBSAN

Check Details

Version: 1.0.3
Check: dependencies in R code
Result: NOTE
    Namespace in Imports field not imported from: ‘Rcpp’
     All declared Imports should be used.
Flavors: r-devel-linux-x86_64-fedora-clang, r-devel-linux-x86_64-fedora-gcc, r-patched-solaris-x86, r-release-osx-x86_64

Version: 1.0.1
Check: dependencies in R code
Result: NOTE
    Namespace in Imports field not imported from: ‘Rcpp’
     All declared Imports should be used.
Flavor: r-oldrel-osx-x86_64