CRAN Package Check Results for Package miic

Last updated on 2018-10-16 22:56:24 CEST.

Flavor Version Tinstall Tcheck Ttotal Status Flags
r-devel-linux-x86_64-debian-clang 1.0.3 43.51 31.27 74.78 OK
r-devel-linux-x86_64-debian-gcc 1.0.3 40.09 26.14 66.23 OK
r-devel-linux-x86_64-fedora-clang 1.0.3 104.41 NOTE
r-devel-linux-x86_64-fedora-gcc 1.0.3 98.46 NOTE
r-devel-windows-ix86+x86_64 1.0.3 103.00 81.00 184.00 OK
r-patched-linux-x86_64 1.0.3 48.47 30.55 79.02 OK
r-patched-solaris-x86 1.0.3 102.50 NOTE
r-release-linux-x86_64 1.0.3 47.96 30.49 78.45 OK
r-release-windows-ix86+x86_64 1.0.3 112.00 82.00 194.00 OK
r-release-osx-x86_64 1.0.3 NOTE
r-oldrel-windows-ix86+x86_64 1.0.3 105.00 61.00 166.00 OK
r-oldrel-osx-x86_64 1.0.3 NOTE

Additional issues

gcc-UBSAN

Check Details

Version: 1.0.3
Check: dependencies in R code
Result: NOTE
    Namespace in Imports field not imported from: ‘Rcpp’
     All declared Imports should be used.
Flavors: r-devel-linux-x86_64-fedora-clang, r-devel-linux-x86_64-fedora-gcc, r-patched-solaris-x86, r-release-osx-x86_64, r-oldrel-osx-x86_64