CRAN Package Check Results for Package milr

Last updated on 2019-04-20 12:51:03 CEST.

Flavor Version Tinstall Tcheck Ttotal Status Flags
r-devel-linux-x86_64-debian-clang 0.3.0 81.20 660.38 741.58 WARN
r-devel-linux-x86_64-debian-gcc 0.3.0 62.90 747.23 810.13 WARN
r-devel-linux-x86_64-fedora-clang 0.3.0 936.31 OK
r-devel-linux-x86_64-fedora-gcc 0.3.0 906.94 OK
r-devel-windows-ix86+x86_64 0.3.0 240.00 811.00 1051.00 OK
r-patched-linux-x86_64 0.3.0 75.38 492.16 567.54 OK
r-patched-solaris-x86 0.3.0 1537.80 OK
r-release-linux-x86_64 0.3.0 73.98 631.36 705.34 OK
r-release-windows-ix86+x86_64 0.3.0 167.00 770.00 937.00 OK
r-release-osx-x86_64 0.3.0 OK
r-oldrel-windows-ix86+x86_64 0.3.0 163.00 884.00 1047.00 OK
r-oldrel-osx-x86_64 0.3.0 OK

Check Details

Version: 0.3.0
Check: re-building of vignette outputs
Result: WARN
    Error(s) in re-building vignettes:
     ...
    --- re-building 'milr-intro.Rmd' using rmarkdown
    Use the user-defined lambda vector.
    Using the criterion BIC to choose optimized penalty.
    The chosen penalty throuth BIC is 3.6867.
    The penalty term is selected automatically with 50 candidates.
    Using the criterion BIC to choose optimized penalty.
    The chosen penalty throuth BIC is 4.9895.
    The penalty term is selected automatically with 50 candidates.
    Using the criterion deviance to choose optimized penalty.
    The chosen penalty throuth deviance is 2.8390.
    trying URL 'http://www.cs.columbia.edu/~andrews/mil/data/MIL-Data-2002-Musk-Corel-Trec9.tgz'
    Content type 'application/x-gzip' length 6249673 bytes (6.0 MB)
    ==================================================
    downloaded 6.0 MB
    
    Use the user-defined lambda vector.
    Use the user-defined lambda vector.
    Use the user-defined lambda vector.
    Use the user-defined lambda vector.
    Use the user-defined lambda vector.
    Use the user-defined lambda vector.
    Warning: 'switch' is deprecated.
    Use 'strip.position' instead.
    See help("Deprecated")
    The penalty term is selected automatically with 100 candidates.
    Using the criterion deviance to choose optimized penalty.
    The chosen penalty throuth deviance is 3.2909.
    Use the user-defined lambda vector.
    Use the user-defined lambda vector.
    Use the user-defined lambda vector.
    Use the user-defined lambda vector.
    Use the user-defined lambda vector.
    Use the user-defined lambda vector.
    Use the user-defined lambda vector.
    Use the user-defined lambda vector.
    Use the user-defined lambda vector.
    Killed
Flavor: r-devel-linux-x86_64-debian-clang

Version: 0.3.0
Check: re-building of vignette outputs
Result: WARN
    Error(s) in re-building vignettes:
     ...
    --- re-building ‘milr-intro.Rmd’ using rmarkdown
    Use the user-defined lambda vector.
    Using the criterion BIC to choose optimized penalty.
    The chosen penalty throuth BIC is 3.6867.
    The penalty term is selected automatically with 50 candidates.
    Using the criterion BIC to choose optimized penalty.
    The chosen penalty throuth BIC is 4.9895.
    The penalty term is selected automatically with 50 candidates.
    Using the criterion deviance to choose optimized penalty.
    The chosen penalty throuth deviance is 2.8390.
    trying URL ‘http://www.cs.columbia.edu/~andrews/mil/data/MIL-Data-2002-Musk-Corel-Trec9.tgz’
    Content type 'application/x-gzip' length 6249673 bytes (6.0 MB)
    ==================================================
    downloaded 6.0 MB
    
    Use the user-defined lambda vector.
    Use the user-defined lambda vector.
    Use the user-defined lambda vector.
    Use the user-defined lambda vector.
    Use the user-defined lambda vector.
    Use the user-defined lambda vector.
    Warning: 'switch' is deprecated.
    Use 'strip.position' instead.
    See help("Deprecated")
    The penalty term is selected automatically with 100 candidates.
    Using the criterion deviance to choose optimized penalty.
    Killed
Flavor: r-devel-linux-x86_64-debian-gcc