CRAN Package Check Results for Package mimi

Last updated on 2020-01-27 00:48:08 CET.

Flavor Version Tinstall Tcheck Ttotal Status Flags
r-devel-linux-x86_64-debian-clang 0.2.0 6.74 40.15 46.89 OK
r-devel-linux-x86_64-debian-gcc 0.2.0 4.88 30.41 35.29 OK
r-devel-linux-x86_64-fedora-clang 0.2.0 54.65 NOTE
r-devel-linux-x86_64-fedora-gcc 0.2.0 53.88 NOTE
r-devel-windows-ix86+x86_64 0.2.0 18.00 68.00 86.00 OK
r-devel-windows-ix86+x86_64-gcc8 0.2.0 22.00 52.00 74.00 OK
r-patched-linux-x86_64 0.2.0 4.63 35.66 40.29 OK
r-patched-solaris-x86 0.2.0 71.90 NOTE
r-release-linux-x86_64 0.2.0 5.03 35.58 40.61 OK
r-release-windows-ix86+x86_64 0.2.0 8.00 43.00 51.00 OK
r-release-osx-x86_64 0.2.0 NOTE
r-oldrel-windows-ix86+x86_64 0.2.0 7.00 46.00 53.00 OK
r-oldrel-osx-x86_64 0.2.0 NOTE

Check Details

Version: 0.2.0
Check: dependencies in R code
Result: NOTE
    Namespaces in Imports field not imported from:
     ‘FactoMineR’ ‘softImpute’
     All declared Imports should be used.
Flavors: r-devel-linux-x86_64-fedora-clang, r-devel-linux-x86_64-fedora-gcc, r-patched-solaris-x86, r-release-osx-x86_64, r-oldrel-osx-x86_64