CRAN Package Check Results for Package mimi

Last updated on 2019-09-15 05:46:19 CEST.

Flavor Version Tinstall Tcheck Ttotal Status Flags
r-devel-linux-x86_64-debian-clang 0.2.0 6.33 37.38 43.71 OK
r-devel-linux-x86_64-debian-gcc 0.2.0 4.76 28.35 33.11 OK
r-devel-linux-x86_64-fedora-clang 0.2.0 51.17 NOTE
r-devel-linux-x86_64-fedora-gcc 0.2.0 50.24 NOTE
r-devel-windows-ix86+x86_64 0.2.0 17.00 45.00 62.00 OK
r-patched-linux-x86_64 0.2.0 5.92 35.71 41.63 OK
r-patched-solaris-x86 0.2.0 71.40 NOTE
r-release-linux-x86_64 0.2.0 5.53 36.17 41.70 OK
r-release-windows-ix86+x86_64 0.2.0 8.00 64.00 72.00 OK
r-release-osx-x86_64 0.2.0 NOTE
r-oldrel-windows-ix86+x86_64 0.2.0 13.00 42.00 55.00 OK
r-oldrel-osx-x86_64 0.2.0 NOTE

Check Details

Version: 0.2.0
Check: dependencies in R code
Result: NOTE
    Namespaces in Imports field not imported from:
     ‘FactoMineR’ ‘softImpute’
     All declared Imports should be used.
Flavors: r-devel-linux-x86_64-fedora-clang, r-devel-linux-x86_64-fedora-gcc, r-patched-solaris-x86, r-release-osx-x86_64, r-oldrel-osx-x86_64