CRAN Package Check Results for Package mindicador

Last updated on 2020-10-23 22:52:19 CEST.

Flavor Version Tinstall Tcheck Ttotal Status Flags
r-devel-linux-x86_64-debian-clang 0.1.5 2.87 39.44 42.31 OK
r-devel-linux-x86_64-debian-gcc 0.1.5 2.34 30.45 32.79 OK
r-devel-linux-x86_64-fedora-clang 0.1.5 60.02 NOTE
r-devel-linux-x86_64-fedora-gcc 0.1.5 49.23 NOTE
r-devel-windows-ix86+x86_64 0.1.5 7.00 70.00 77.00 OK
r-patched-linux-x86_64 0.1.5 3.12 37.20 40.32 OK
r-patched-solaris-x86 0.1.5 75.00 NOTE
r-release-linux-x86_64 0.1.5 3.21 37.02 40.23 OK
r-release-macos-x86_64 0.1.5 NOTE
r-release-windows-ix86+x86_64 0.1.5 10.00 53.00 63.00 OK
r-oldrel-macos-x86_64 0.1.5 NOTE
r-oldrel-windows-ix86+x86_64 0.1.5 6.00 72.00 78.00 OK

Check Details

Version: 0.1.5
Check: data for non-ASCII characters
Result: NOTE
     Note: found 5 marked UTF-8 strings
Flavors: r-devel-linux-x86_64-fedora-clang, r-devel-linux-x86_64-fedora-gcc, r-patched-solaris-x86, r-release-macos-x86_64, r-oldrel-macos-x86_64