CRAN Package Check Results for Package mineSweepR

Last updated on 2024-03-05 01:54:58 CET.

Flavor Version Tinstall Tcheck Ttotal Status Flags
r-devel-linux-x86_64-debian-clang 0.1.1 38.95 392.36 431.31 OK
r-devel-linux-x86_64-debian-gcc 0.1.1 31.73 285.69 317.42 OK
r-devel-linux-x86_64-fedora-clang 0.1.1 532.87 OK
r-devel-linux-x86_64-fedora-gcc 0.1.1 511.23 OK
r-devel-windows-x86_64 0.1.1 34.00 236.00 270.00 OK
r-patched-linux-x86_64 0.1.1 31.21 374.91 406.12 OK
r-release-linux-x86_64 0.1.1 30.01 377.71 407.72 OK
r-release-macos-arm64 0.1.1 11.00 ERROR
r-release-macos-x86_64 0.1.1 6.00 ERROR
r-release-windows-x86_64 0.1.1 47.00 316.00 363.00 OK
r-oldrel-macos-arm64 0.1.1 13.00 ERROR
r-oldrel-windows-x86_64 0.1.1 48.00 321.00 369.00 OK

Check Details

Version: 0.1.1
Check: package dependencies
Result: ERROR Package required but not available: ‘InteractiveComplexHeatmap’ See section ‘The DESCRIPTION file’ in the ‘Writing R Extensions’ manual. Flavors: r-release-macos-arm64, r-release-macos-x86_64, r-oldrel-macos-arm64