CRAN Package Check Results for Package miniCRAN

Last updated on 2018-02-25 09:50:26 CET.

Flavor Version Tinstall Tcheck Ttotal Status Flags
r-devel-linux-x86_64-debian-clang 0.2.11 2.21 64.55 66.76 OK
r-devel-linux-x86_64-debian-gcc 0.2.11 2.19 49.63 51.82 OK
r-devel-linux-x86_64-fedora-clang 0.2.11 79.99 OK
r-devel-linux-x86_64-fedora-gcc 0.2.11 76.47 OK
r-devel-windows-ix86+x86_64 0.2.11 7.00 111.00 118.00 OK
r-patched-linux-x86_64 0.2.11 1.98 77.64 79.62 OK
r-patched-solaris-x86 0.2.11 127.30 OK
r-release-linux-x86_64 0.2.11 1.55 77.35 78.90 OK
r-release-windows-ix86+x86_64 0.2.11 7.00 148.00 155.00 OK
r-release-osx-x86_64 0.2.11 OK
r-oldrel-windows-ix86+x86_64 0.2.11 4.00 117.00 121.00 NOTE
r-oldrel-osx-x86_64 0.2.10 NOTE

Check Details

Version: 0.2.11
Check: dependencies in R code
Result: NOTE
    Missing or unexported object: 'tools::CRAN_package_db'
Flavor: r-oldrel-windows-ix86+x86_64

Version: 0.2.10
Check: dependencies in R code
Result: NOTE
    Missing or unexported object: ‘tools::CRAN_package_db’
Flavor: r-oldrel-osx-x86_64