CRAN Package Check Results for Package miniMeta

Last updated on 2021-05-09 18:46:50 CEST.

Flavor Version Tinstall Tcheck Ttotal Status Flags
r-devel-linux-x86_64-debian-clang 0.2 11.20 96.39 107.59 OK
r-devel-linux-x86_64-debian-gcc 0.2 9.40 75.72 85.12 OK
r-devel-linux-x86_64-fedora-clang 0.2 140.27 NOTE
r-devel-linux-x86_64-fedora-gcc 0.2 135.32 NOTE
r-devel-windows-ix86+x86_64 0.2 32.00 124.00 156.00 OK
r-devel-windows-x86_64-gcc10-UCRT 0.2 NOTE
r-patched-linux-x86_64 0.2 11.27 95.06 106.33 OK
r-patched-solaris-x86 0.2 197.30 NOTE
r-release-linux-x86_64 0.2 11.04 91.67 102.71 OK
r-release-macos-x86_64 0.2 NOTE
r-release-windows-ix86+x86_64 0.2 21.00 98.00 119.00 OK
r-oldrel-macos-x86_64 0.2 NOTE
r-oldrel-windows-ix86+x86_64 0.2 23.00 124.00 147.00 OK

Check Details

Version: 0.2
Check: dependencies in R code
Result: NOTE
    Namespaces in Imports field not imported from:
     ‘markdown’ ‘metafor’
     All declared Imports should be used.
Flavors: r-devel-linux-x86_64-fedora-clang, r-devel-linux-x86_64-fedora-gcc, r-devel-windows-x86_64-gcc10-UCRT, r-patched-solaris-x86, r-release-macos-x86_64, r-oldrel-macos-x86_64