Last updated on 2022-05-19 08:52:11 CEST.
Flavor | Version | Tinstall | Tcheck | Ttotal | Status | Flags |
---|---|---|---|---|---|---|
r-devel-linux-x86_64-debian-clang | 0.1.5 | 70.63 | 41.62 | 112.25 | OK | |
r-devel-linux-x86_64-debian-gcc | 0.1.5 | 61.43 | 31.37 | 92.80 | OK | |
r-devel-linux-x86_64-fedora-clang | 0.1.5 | 170.01 | NOTE | |||
r-devel-linux-x86_64-fedora-gcc | 0.1.5 | 161.89 | NOTE | |||
r-devel-windows-x86_64 | 0.1.5 | 74.00 | 79.00 | 153.00 | OK | |
r-patched-linux-x86_64 | 0.1.5 | 66.92 | 39.31 | 106.23 | OK | |
r-release-linux-x86_64 | 0.1.5 | 64.72 | 38.74 | 103.46 | OK | |
r-release-macos-arm64 | 0.1.5 | 38.00 | NOTE | |||
r-release-macos-x86_64 | 0.1.5 | 61.00 | NOTE | |||
r-release-windows-x86_64 | 0.1.5 | 73.00 | 83.00 | 156.00 | OK | |
r-oldrel-macos-arm64 | 0.1.5 | 43.00 | NOTE | |||
r-oldrel-macos-x86_64 | 0.1.5 | 52.00 | NOTE | |||
r-oldrel-windows-ix86+x86_64 | 0.1.5 | 186.00 | 84.00 | 270.00 | OK |
Version: 0.1.5
Check: dependencies in R code
Result: NOTE
Namespaces in Imports field not imported from:
‘DiceDesign’ ‘MaxPro’ ‘doSNOW’ ‘gmp’ ‘jpeg’
All declared Imports should be used.
Flavors: r-devel-linux-x86_64-fedora-clang, r-devel-linux-x86_64-fedora-gcc, r-release-macos-arm64, r-release-macos-x86_64, r-oldrel-macos-arm64, r-oldrel-macos-x86_64